CRAN Package Check Results for Package gpg

Last updated on 2021-10-24 06:51:50 CEST.

Flavor Version Tinstall Tcheck Ttotal Status Flags
r-devel-linux-x86_64-debian-clang 1.2.3 4.51 26.34 30.85 OK
r-devel-linux-x86_64-debian-gcc 1.2.3 3.30 20.84 24.14 OK
r-devel-linux-x86_64-fedora-clang 1.2.3 48.48 OK
r-devel-linux-x86_64-fedora-gcc 1.2.3 37.87 OK
r-devel-windows-x86_64 1.2.3 11.00 70.00 81.00 OK
r-devel-windows-x86_64-gcc10-UCRT 1.2.3 WARN
r-patched-linux-x86_64 1.2.3 4.28 25.16 29.44 OK
r-release-linux-x86_64 1.2.3 4.24 24.62 28.86 OK
r-release-macos-arm64 1.2.3 OK
r-release-macos-x86_64 1.2.3 OK
r-release-windows-ix86+x86_64 1.2.3 16.00 77.00 93.00 OK
r-oldrel-macos-x86_64 1.2.3 OK
r-oldrel-windows-ix86+x86_64 1.2.3 20.00 76.00 96.00 OK

Check Details

Version: 1.2.3
Check: whether package can be installed
Result: WARN
    Found the following significant warnings:
     WARNING: failed to apply patch patches/CRAN/gpg.diff
Flavor: r-devel-windows-x86_64-gcc10-UCRT