CRAN Package Check Results for Package googleComputeEngineR

Last updated on 2022-10-06 06:49:35 CEST.

Flavor Version Tinstall Tcheck Ttotal Status Flags
r-devel-linux-x86_64-debian-clang 0.3.0 8.07 71.94 80.01 NOTE
r-devel-linux-x86_64-debian-gcc 0.3.0 5.16 55.56 60.72 NOTE
r-devel-linux-x86_64-fedora-clang 0.3.0 111.79 NOTE
r-devel-linux-x86_64-fedora-gcc 0.3.0 110.76 NOTE
r-devel-windows-x86_64 0.3.0 399.00 154.00 553.00 NOTE
r-patched-linux-x86_64 0.3.0 14.38 66.30 80.68 NOTE
r-release-linux-x86_64 0.3.0 6.93 66.31 73.24 NOTE
r-release-macos-arm64 0.3.0 37.00 NOTE
r-release-macos-x86_64 0.3.0 54.00 NOTE
r-release-windows-x86_64 0.3.0 263.00 142.00 405.00 NOTE
r-oldrel-macos-arm64 0.3.0 70.00 NOTE
r-oldrel-macos-x86_64 0.3.0 72.00 NOTE
r-oldrel-windows-ix86+x86_64 0.3.0 17.00 104.00 121.00 NOTE

Check Details

Version: 0.3.0
Check: LazyData
Result: NOTE
     'LazyData' is specified without a 'data' directory
Flavors: r-devel-linux-x86_64-debian-clang, r-devel-linux-x86_64-debian-gcc, r-devel-linux-x86_64-fedora-clang, r-devel-linux-x86_64-fedora-gcc, r-devel-windows-x86_64, r-patched-linux-x86_64, r-release-linux-x86_64, r-release-macos-arm64, r-release-macos-x86_64, r-release-windows-x86_64, r-oldrel-macos-arm64, r-oldrel-macos-x86_64, r-oldrel-windows-ix86+x86_64