CRAN Package Check Results for Package goffda

Last updated on 2020-06-03 06:48:33 CEST.

Flavor Version Tinstall Tcheck Ttotal Status Flags
r-devel-linux-x86_64-debian-clang 0.0.6 40.20 102.89 143.09 OK
r-devel-linux-x86_64-debian-gcc 0.0.6 29.66 80.18 109.84 OK
r-devel-linux-x86_64-fedora-clang 0.0.6 189.12 NOTE
r-devel-linux-x86_64-fedora-gcc 0.0.6 172.46 NOTE
r-devel-windows-ix86+x86_64 0.0.6 96.00 235.00 331.00 OK
r-patched-linux-x86_64 0.0.6 32.64 102.33 134.97 OK
r-patched-solaris-x86 0.0.6 227.30 NOTE
r-release-linux-x86_64 0.0.6 33.23 103.46 136.69 OK
r-release-osx-x86_64 0.0.6 NOTE
r-release-windows-ix86+x86_64 0.0.6 70.00 236.00 306.00 OK
r-oldrel-osx-x86_64 0.0.6 NOTE
r-oldrel-windows-ix86+x86_64 0.0.6 70.00 176.00 246.00 OK

Check Details

Version: 0.0.6
Check: data for non-ASCII characters
Result: NOTE
     Note: found 1745 marked UTF-8 strings
Flavors: r-devel-linux-x86_64-fedora-clang, r-devel-linux-x86_64-fedora-gcc, r-patched-solaris-x86, r-release-osx-x86_64, r-oldrel-osx-x86_64