Last updated on 2023-06-08 05:58:10 CEST.
Flavor | Version | Tinstall | Tcheck | Ttotal | Status | Flags |
---|---|---|---|---|---|---|
r-devel-linux-x86_64-debian-clang | 0.1.1 | 40.54 | 132.40 | 172.94 | NOTE | |
r-devel-linux-x86_64-debian-gcc | 0.1.1 | 31.60 | 100.78 | 132.38 | NOTE | |
r-devel-linux-x86_64-fedora-clang | 0.1.1 | 229.75 | NOTE | |||
r-devel-linux-x86_64-fedora-gcc | 0.1.1 | 220.80 | NOTE | |||
r-devel-windows-x86_64 | 0.1.1 | 36.00 | 129.00 | 165.00 | NOTE | |
r-patched-linux-x86_64 | 0.1.1 | 36.68 | 126.52 | 163.20 | NOTE | |
r-release-linux-x86_64 | 0.1.1 | 27.55 | 127.95 | 155.50 | NOTE | |
r-release-macos-arm64 | 0.1.1 | 67.00 | NOTE | |||
r-release-macos-x86_64 | 0.1.1 | 107.00 | NOTE | |||
r-release-windows-x86_64 | 0.1.1 | 45.00 | 166.00 | 211.00 | NOTE | |
r-oldrel-macos-arm64 | 0.1.1 | 69.00 | NOTE | |||
r-oldrel-macos-x86_64 | 0.1.1 | 96.00 | NOTE | |||
r-oldrel-windows-x86_64 | 0.1.1 | 50.00 | 163.00 | 213.00 | OK |
Version: 0.1.1
Check: C++ specification
Result: NOTE
Specified C++11: please drop specification unless essential
Flavors: r-devel-linux-x86_64-debian-clang, r-devel-linux-x86_64-debian-gcc, r-devel-linux-x86_64-fedora-clang, r-devel-linux-x86_64-fedora-gcc, r-devel-windows-x86_64, r-patched-linux-x86_64, r-release-linux-x86_64, r-release-macos-arm64, r-release-macos-x86_64, r-release-windows-x86_64
Version: 0.1.1
Check: data for non-ASCII characters
Result: NOTE
Note: found 1352 marked UTF-8 strings
Flavors: r-devel-linux-x86_64-fedora-clang, r-devel-linux-x86_64-fedora-gcc, r-oldrel-macos-arm64, r-oldrel-macos-x86_64