Last updated on 2021-03-06 06:47:25 CET.
Flavor | Version | Tinstall | Tcheck | Ttotal | Status | Flags |
---|---|---|---|---|---|---|
r-devel-linux-x86_64-debian-clang | 0.7-8 | 2.82 | 29.22 | 32.04 | OK | |
r-devel-linux-x86_64-debian-gcc | 0.7-8 | 2.17 | 23.35 | 25.52 | OK | |
r-devel-linux-x86_64-fedora-clang | 0.7-8 | 48.96 | NOTE | |||
r-devel-linux-x86_64-fedora-gcc | 0.7-8 | 38.74 | OK | |||
r-devel-windows-ix86+x86_64 | 0.7-8 | 6.00 | 46.00 | 52.00 | OK | |
r-patched-linux-x86_64 | 0.7-8 | OK | ||||
r-patched-solaris-x86 | 0.7-8 | 60.80 | OK | |||
r-release-linux-x86_64 | 0.7-8 | 2.76 | 28.94 | 31.70 | OK | |
r-release-macos-x86_64 | 0.7-8 | OK | ||||
r-release-windows-ix86+x86_64 | 0.7-8 | 6.00 | 33.00 | 39.00 | OK | |
r-oldrel-macos-x86_64 | 0.7-8 | OK | ||||
r-oldrel-windows-ix86+x86_64 | 0.7-8 | 4.00 | 31.00 | 35.00 | OK |
Version: 0.7-8
Check: Rd cross-references
Result: NOTE
Undeclared package ‘gdata’ in Rd xrefs
Flavor: r-devel-linux-x86_64-fedora-clang