CRAN Package Check Results for Package gnFit

Last updated on 2024-06-21 11:56:26 CEST.

Flavor Version Tinstall Tcheck Ttotal Status Flags
r-devel-linux-x86_64-debian-clang 0.2.0 7.73 67.67 75.40 NOTE
r-devel-linux-x86_64-debian-gcc 0.2.0 4.94 51.22 56.16 NOTE
r-devel-linux-x86_64-fedora-clang 0.2.0 95.10 NOTE
r-devel-linux-x86_64-fedora-gcc 0.2.0 88.83 NOTE
r-devel-windows-x86_64 0.2.0 7.00 69.00 76.00 NOTE
r-patched-linux-x86_64 0.2.0 5.87 64.90 70.77 NOTE
r-release-linux-x86_64 0.2.0 6.52 63.43 69.95 NOTE
r-release-macos-arm64 0.2.0 30.00 NOTE
r-release-macos-x86_64 0.2.0 47.00 NOTE
r-release-windows-x86_64 0.2.0 7.00 70.00 77.00 NOTE
r-oldrel-macos-arm64 0.2.0 31.00 NOTE
r-oldrel-macos-x86_64 0.2.0 51.00 NOTE
r-oldrel-windows-x86_64 0.2.0 8.00 70.00 78.00 NOTE

Check Details

Version: 0.2.0
Check: LazyData
Result: NOTE 'LazyData' is specified without a 'data' directory Flavors: r-devel-linux-x86_64-debian-clang, r-devel-linux-x86_64-debian-gcc, r-devel-linux-x86_64-fedora-clang, r-devel-linux-x86_64-fedora-gcc, r-devel-windows-x86_64, r-patched-linux-x86_64, r-release-linux-x86_64, r-release-macos-arm64, r-release-macos-x86_64, r-release-windows-x86_64, r-oldrel-macos-arm64, r-oldrel-macos-x86_64, r-oldrel-windows-x86_64