Last updated on 2024-03-28 12:50:35 CET.
Flavor | Version | Tinstall | Tcheck | Ttotal | Status | Flags |
---|---|---|---|---|---|---|
r-devel-linux-x86_64-debian-clang | 0.4.0 | 86.62 | 134.37 | 220.99 | OK | |
r-devel-linux-x86_64-debian-gcc | 0.4.0 | 78.36 | 99.13 | 177.49 | OK | |
r-devel-linux-x86_64-fedora-clang | 0.4.0 | 334.55 | OK | |||
r-devel-linux-x86_64-fedora-gcc | 0.4.0 | 325.29 | OK | |||
r-devel-windows-x86_64 | 0.4.0 | 75.00 | 150.00 | 225.00 | OK | |
r-patched-linux-x86_64 | 0.4.0 | 98.57 | 130.52 | 229.09 | OK | |
r-release-linux-x86_64 | 0.4.0 | 70.30 | 133.45 | 203.75 | OK | |
r-release-macos-arm64 | 0.4.0 | 77.00 | NOTE | |||
r-release-macos-x86_64 | 0.4.0 | 144.00 | NOTE | |||
r-release-windows-x86_64 | 0.4.0 | 92.00 | 168.00 | 260.00 | OK | |
r-oldrel-macos-arm64 | 0.4.0 | 74.00 | NOTE | |||
r-oldrel-windows-x86_64 | 0.4.0 | 94.00 | 163.00 | 257.00 | OK |
Version: 0.4.0
Check: installed package size
Result: NOTE
installed size is 7.3Mb
sub-directories of 1Mb or more:
libs 6.8Mb
Flavors: r-release-macos-arm64, r-release-macos-x86_64, r-oldrel-macos-arm64