CRAN Package Check Results for Package gmodels

Last updated on 2020-09-25 21:48:44 CEST.

Flavor Version Tinstall Tcheck Ttotal Status Flags
r-devel-linux-x86_64-debian-clang 2.18.1 3.97 31.02 34.99 OK
r-devel-linux-x86_64-debian-gcc 2.18.1 2.47 25.27 27.74 OK
r-devel-linux-x86_64-fedora-clang 2.18.1 49.64 NOTE
r-devel-linux-x86_64-fedora-gcc 2.18.1 40.38 OK
r-devel-windows-ix86+x86_64 2.18.1 7.00 112.00 119.00 OK
r-patched-linux-x86_64 2.18.1 3.77 29.18 32.95 OK
r-patched-solaris-x86 2.18.1 58.00 OK
r-release-linux-x86_64 2.18.1 3.49 28.97 32.46 OK
r-release-macos-x86_64 2.18.1 OK
r-release-windows-ix86+x86_64 2.18.1 6.00 50.00 56.00 OK
r-oldrel-macos-x86_64 2.18.1 OK
r-oldrel-windows-ix86+x86_64 2.18.1 24.00 43.00 67.00 OK

Check Details

Version: 2.18.1
Check: Rd cross-references
Result: NOTE
    Undeclared package ‘rms’ in Rd xrefs
Flavor: r-devel-linux-x86_64-fedora-clang