CRAN Package Check Results for Package gmodels

Last updated on 2020-02-18 12:47:17 CET.

Flavor Version Tinstall Tcheck Ttotal Status Flags
r-devel-linux-x86_64-debian-clang 2.18.1 3.42 30.39 33.81 OK
r-devel-linux-x86_64-debian-gcc 2.18.1 2.63 22.61 25.24 OK
r-devel-linux-x86_64-fedora-clang 2.18.1 39.05 NOTE
r-devel-linux-x86_64-fedora-gcc 2.18.1 38.47 OK
r-devel-windows-ix86+x86_64 2.18.1 7.00 40.00 47.00 OK
r-devel-windows-ix86+x86_64-gcc8 2.18.1 10.00 62.00 72.00 OK
r-patched-linux-x86_64 2.18.1 3.06 26.03 29.09 OK
r-patched-solaris-x86 2.18.1 55.20 OK
r-release-linux-x86_64 2.18.1 3.04 26.18 29.22 OK
r-release-windows-ix86+x86_64 2.18.1 6.00 39.00 45.00 OK
r-release-osx-x86_64 2.18.1 OK
r-oldrel-windows-ix86+x86_64 2.18.1 4.00 37.00 41.00 OK
r-oldrel-osx-x86_64 2.18.1 OK

Check Details

Version: 2.18.1
Check: package dependencies
Result: NOTE
    Suggests orphaned package: ‘gplots’
Flavor: r-devel-linux-x86_64-fedora-clang