Last updated on 2023-03-31 21:53:04 CEST.
Flavor | Version | Tinstall | Tcheck | Ttotal | Status | Flags |
---|---|---|---|---|---|---|
r-devel-linux-x86_64-debian-clang | 1.0.1 | 2.60 | 51.07 | 53.67 | NOTE | |
r-devel-linux-x86_64-debian-gcc | 1.0.1 | 2.01 | 36.93 | 38.94 | NOTE | |
r-devel-linux-x86_64-fedora-clang | 1.0.1 | 64.82 | NOTE | |||
r-devel-linux-x86_64-fedora-gcc | 1.0.1 | 72.63 | NOTE | |||
r-devel-windows-x86_64 | 1.0.1 | 13.00 | 0.00 | 13.00 | NOTE | |
r-patched-linux-x86_64 | 1.0.1 | 2.23 | 46.17 | 48.40 | NOTE | |
r-release-linux-x86_64 | 1.0.1 | 2.06 | 48.60 | 50.66 | NOTE | |
r-release-macos-arm64 | 1.0.1 | 23.00 | NOTE | |||
r-release-macos-x86_64 | 1.0.1 | 39.00 | NOTE | |||
r-release-windows-x86_64 | 1.0.1 | 14.00 | 83.00 | 97.00 | NOTE | |
r-oldrel-macos-arm64 | 1.0.1 | 43.00 | NOTE | |||
r-oldrel-macos-x86_64 | 1.0.1 | 49.00 | NOTE | |||
r-oldrel-windows-ix86+x86_64 | 1.0.1 | 7.00 | 79.00 | 86.00 | NOTE |
Version: 1.0.1
Check: LazyData
Result: NOTE
'LazyData' is specified without a 'data' directory
Flavors: r-devel-linux-x86_64-debian-clang, r-devel-linux-x86_64-debian-gcc, r-devel-linux-x86_64-fedora-clang, r-devel-linux-x86_64-fedora-gcc, r-devel-windows-x86_64, r-patched-linux-x86_64, r-release-linux-x86_64, r-release-macos-arm64, r-release-macos-x86_64, r-release-windows-x86_64, r-oldrel-macos-arm64, r-oldrel-macos-x86_64, r-oldrel-windows-ix86+x86_64