Last updated on 2024-03-28 12:50:35 CET.
Flavor | Version | Tinstall | Tcheck | Ttotal | Status | Flags |
---|---|---|---|---|---|---|
r-devel-linux-x86_64-debian-clang | 0.11.0 | 45.75 | 69.86 | 115.61 | OK | |
r-devel-linux-x86_64-debian-gcc | 0.11.0 | 34.21 | 54.32 | 88.53 | OK | |
r-devel-linux-x86_64-fedora-clang | 0.11.0 | 157.11 | OK | |||
r-devel-linux-x86_64-fedora-gcc | 0.11.0 | 165.75 | OK | |||
r-devel-windows-x86_64 | 0.11.0 | 36.00 | 91.00 | 127.00 | OK | |
r-patched-linux-x86_64 | 0.11.0 | 41.03 | 70.25 | 111.28 | OK | |
r-release-linux-x86_64 | 0.11.0 | 40.95 | 69.01 | 109.96 | OK | |
r-release-macos-arm64 | 0.11.0 | 51.00 | NOTE | |||
r-release-macos-x86_64 | 0.11.0 | 78.00 | NOTE | |||
r-release-windows-x86_64 | 0.11.0 | 42.00 | 108.00 | 150.00 | OK | |
r-oldrel-macos-arm64 | 0.11.0 | 47.00 | NOTE | |||
r-oldrel-windows-x86_64 | 0.11.0 | 40.00 | 112.00 | 152.00 | OK |
Version: 0.11.0
Check: installed package size
Result: NOTE
installed size is 12.1Mb
sub-directories of 1Mb or more:
doc 1.3Mb
libs 10.4Mb
Flavors: r-release-macos-arm64, r-release-macos-x86_64, r-oldrel-macos-arm64