CRAN Package Check Results for Package glmulti

Last updated on 2022-09-28 12:55:18 CEST.

Flavor Version Tinstall Tcheck Ttotal Status Flags
r-devel-linux-x86_64-debian-clang 1.0.8 7.26 48.80 56.06 NOTE
r-devel-linux-x86_64-debian-gcc 1.0.8 6.18 36.81 42.99 NOTE
r-devel-linux-x86_64-fedora-clang 1.0.8 82.30 NOTE
r-devel-linux-x86_64-fedora-gcc 1.0.8 86.97 NOTE
r-devel-windows-x86_64 1.0.8 21.00 76.00 97.00 NOTE
r-patched-linux-x86_64 1.0.8 7.75 47.04 54.79 OK
r-release-linux-x86_64 1.0.8 6.68 47.11 53.79 OK
r-release-macos-arm64 1.0.8 22.00 OK
r-release-macos-x86_64 1.0.8 35.00 OK
r-release-windows-x86_64 1.0.8 32.00 78.00 110.00 OK
r-oldrel-macos-arm64 1.0.8 41.00 OK
r-oldrel-macos-x86_64 1.0.8 49.00 OK
r-oldrel-windows-ix86+x86_64 1.0.8 15.00 74.00 89.00 OK

Check Details

Version: 1.0.8
Check: Rd files
Result: NOTE
    checkRd: (-1) coef.glmulti.Rd:26: Escaped LaTeX specials: \&
    checkRd: (-1) coef.glmulti.Rd:27: Escaped LaTeX specials: \&
    checkRd: (-1) coef.glmulti.Rd:51: Escaped LaTeX specials: \&
    checkRd: (-1) coef.glmulti.Rd:60: Escaped LaTeX specials: \&
    checkRd: (-1) coef.glmulti.Rd:61: Escaped LaTeX specials: \&
    checkRd: (-1) consensus.Rd:29: Escaped LaTeX specials: \&
    checkRd: (-1) getfit.Rd:26: Escaped LaTeX specials: \&
    checkRd: (-1) glmulti-class.Rd:26: Escaped LaTeX specials: \&
    checkRd: (-1) glmulti.Rd:99: Escaped LaTeX specials: \&
    checkRd: (-1) summary.glmulti.Rd:72: Escaped LaTeX specials: \&
Flavors: r-devel-linux-x86_64-debian-clang, r-devel-linux-x86_64-debian-gcc, r-devel-linux-x86_64-fedora-clang, r-devel-linux-x86_64-fedora-gcc, r-devel-windows-x86_64