Last updated on 2025-02-22 12:50:33 CET.
Flavor | Version | Tinstall | Tcheck | Ttotal | Status | Flags |
---|---|---|---|---|---|---|
r-devel-linux-x86_64-debian-clang | 2.0.0 | 15.58 | 152.75 | 168.33 | NOTE | |
r-devel-linux-x86_64-debian-gcc | 2.0.0 | 11.22 | 113.12 | 124.34 | NOTE | |
r-devel-linux-x86_64-fedora-clang | 2.0.0 | 264.42 | NOTE | |||
r-devel-linux-x86_64-fedora-gcc | 2.0.0 | 273.27 | NOTE | |||
r-devel-macos-arm64 | 2.0.0 | 83.00 | NOTE | |||
r-devel-macos-x86_64 | 2.0.0 | 157.00 | NOTE | |||
r-devel-windows-x86_64 | 2.0.0 | 15.00 | 162.00 | 177.00 | NOTE | |
r-patched-linux-x86_64 | 2.0.0 | 14.79 | 148.03 | 162.82 | NOTE | |
r-release-linux-x86_64 | 2.0.0 | 12.23 | 145.12 | 157.35 | NOTE | |
r-release-macos-arm64 | 2.0.0 | 85.00 | NOTE | |||
r-release-macos-x86_64 | 2.0.0 | 128.00 | NOTE | |||
r-release-windows-x86_64 | 2.0.0 | 15.00 | 166.00 | 181.00 | NOTE | |
r-oldrel-macos-arm64 | 2.0.0 | 83.00 | OK | |||
r-oldrel-macos-x86_64 | 2.0.0 | 137.00 | OK | |||
r-oldrel-windows-x86_64 | 2.0.0 | 18.00 | 184.00 | 202.00 | OK |
Version: 2.0.0
Check: Rd files
Result: NOTE
checkRd: (-1) glmtrans.Rd:83: Lost braces in \itemize; \value handles \item{}{} directly
checkRd: (-1) glmtrans.Rd:84: Lost braces in \itemize; \value handles \item{}{} directly
checkRd: (-1) glmtrans.Rd:85: Lost braces in \itemize; \value handles \item{}{} directly
checkRd: (-1) glmtrans.Rd:86: Lost braces in \itemize; \value handles \item{}{} directly
checkRd: (-1) glmtrans.Rd:87: Lost braces in \itemize; \value handles \item{}{} directly
checkRd: (-1) predict.glmtrans.Rd:23: Lost braces in \itemize; meant \describe ?
checkRd: (-1) predict.glmtrans.Rd:24: Lost braces in \itemize; meant \describe ?
checkRd: (-1) predict.glmtrans.Rd:25: Lost braces in \itemize; meant \describe ?
checkRd: (-1) predict.glmtrans.Rd:26: Lost braces in \itemize; meant \describe ?
Flavors: r-devel-linux-x86_64-debian-clang, r-devel-linux-x86_64-debian-gcc, r-devel-linux-x86_64-fedora-clang, r-devel-linux-x86_64-fedora-gcc, r-devel-macos-arm64, r-devel-macos-x86_64, r-devel-windows-x86_64, r-patched-linux-x86_64, r-release-linux-x86_64, r-release-macos-arm64, r-release-macos-x86_64, r-release-windows-x86_64