Last updated on 2025-05-11 12:50:20 CEST.
Flavor | Version | Tinstall | Tcheck | Ttotal | Status | Flags |
---|---|---|---|---|---|---|
r-devel-linux-x86_64-debian-clang | 0.5-5 | 46.96 | 249.64 | 296.60 | OK | |
r-devel-linux-x86_64-debian-gcc | 0.5-5 | 28.54 | 166.93 | 195.47 | OK | |
r-devel-linux-x86_64-fedora-clang | 0.5-5 | 510.25 | NOTE | |||
r-devel-linux-x86_64-fedora-gcc | 0.6-1 | 496.49 | NOTE | |||
r-devel-windows-x86_64 | 0.6-1 | 46.00 | 218.00 | 264.00 | OK | |
r-patched-linux-x86_64 | 0.5-5 | 43.44 | 230.87 | 274.31 | OK | |
r-release-linux-x86_64 | 0.5-5 | 42.74 | 232.60 | 275.34 | OK | |
r-release-macos-arm64 | 0.6-1 | 119.00 | OK | |||
r-release-macos-x86_64 | 205.00 | OK | ||||
r-release-windows-x86_64 | 0.5-5 | 42.00 | 230.00 | 272.00 | OK | |
r-oldrel-macos-arm64 | 0.6-1 | 132.00 | OK | |||
r-oldrel-macos-x86_64 | 0.6-1 | 284.00 | OK | |||
r-oldrel-windows-x86_64 | 0.5-5 | 61.00 | 291.00 | 352.00 | OK |
Version: 0.5-5
Check: dependencies in R code
Result: NOTE
Namespaces in Imports field not imported from:
‘DiceKriging’ ‘rgenoud’
All declared Imports should be used.
Flavor: r-devel-linux-x86_64-fedora-clang
Version: 0.6-1
Check: dependencies in R code
Result: NOTE
Namespaces in Imports field not imported from:
‘DiceKriging’ ‘rgenoud’
All declared Imports should be used.
Flavor: r-devel-linux-x86_64-fedora-gcc