Last updated on 2023-04-02 06:50:27 CEST.
Flavor | Version | Tinstall | Tcheck | Ttotal | Status | Flags |
---|---|---|---|---|---|---|
r-devel-linux-x86_64-debian-clang | 1.1.8 | 8.98 | 374.24 | 383.22 | OK | |
r-devel-linux-x86_64-debian-gcc | 1.1.8 | 7.41 | 283.04 | 290.45 | OK | |
r-devel-linux-x86_64-fedora-clang | 1.1.8 | 463.29 | OK | |||
r-devel-linux-x86_64-fedora-gcc | 1.1.8 | 462.79 | OK | |||
r-devel-windows-x86_64 | 1.1.8 | 13.00 | 407.00 | 420.00 | OK | |
r-patched-linux-x86_64 | 1.1.8 | 7.35 | 361.76 | 369.11 | OK | |
r-release-linux-x86_64 | 1.1.8 | 8.45 | 364.31 | 372.76 | OK | |
r-release-macos-arm64 | 1.1.8 | 124.00 | OK | |||
r-release-macos-x86_64 | 1.1.8 | 175.00 | OK | |||
r-release-windows-x86_64 | 1.1.8 | 21.00 | 402.00 | 423.00 | OK | |
r-oldrel-macos-arm64 | 1.1.8 | 160.00 | OK | |||
r-oldrel-macos-x86_64 | 1.1.8 | 1803.00 | OK | |||
r-oldrel-windows-ix86+x86_64 | 1.1.8 | 19.00 | 390.00 | 409.00 | WARN |
Version: 1.1.8
Check: re-building of vignette outputs
Result: WARN
Error(s) in re-building vignettes:
--- re-building 'intro.rmd' using rmarkdown
trying URL 'https://web.stanford.edu/~hastie/glmnet/glmnetData/Leukemia.RData'
Quitting from lines 167-173 (intro.rmd)
Error: processing vignette 'intro.rmd' failed with diagnostics:
cannot open URL 'https://web.stanford.edu/~hastie/glmnet/glmnetData/Leukemia.RData'
--- failed re-building 'intro.rmd'
SUMMARY: processing the following file failed:
'intro.rmd'
Error: Vignette re-building failed.
Execution halted
Flavor: r-oldrel-windows-ix86+x86_64