Last updated on 2023-09-23 05:57:58 CEST.
Flavor | Version | Tinstall | Tcheck | Ttotal | Status | Flags |
---|---|---|---|---|---|---|
r-devel-linux-x86_64-debian-clang | 0.4.6 | 328.58 | 84.82 | 413.40 | OK | |
r-devel-linux-x86_64-debian-gcc | 0.4.6 | 267.48 | 72.89 | 340.37 | OK | |
r-devel-linux-x86_64-fedora-clang | 0.4.6 | 550.39 | OK | |||
r-devel-linux-x86_64-fedora-gcc | 0.4.6 | 674.40 | OK | |||
r-devel-windows-x86_64 | 0.4.6 | 233.00 | 117.00 | 350.00 | OK | |
r-patched-linux-x86_64 | 0.4.6 | 343.78 | 94.33 | 438.11 | OK | |
r-release-linux-x86_64 | 0.4.6 | 369.00 | 95.58 | 464.58 | OK | |
r-release-macos-arm64 | 0.4.6 | 138.00 | NOTE | |||
r-release-macos-x86_64 | 0.4.6 | 168.00 | NOTE | |||
r-release-windows-x86_64 | 0.4.6 | 305.00 | 140.00 | 445.00 | OK | |
r-oldrel-macos-arm64 | 0.4.6 | 115.00 | NOTE | |||
r-oldrel-macos-x86_64 | 0.4.6 | 180.00 | NOTE | |||
r-oldrel-windows-x86_64 | 0.4.6 | 290.00 | 130.00 | 420.00 | OK |
Version: 0.4.6
Check: installed package size
Result: NOTE
installed size is 34.3Mb
sub-directories of 1Mb or more:
libs 33.6Mb
Flavors: r-release-macos-arm64, r-release-macos-x86_64, r-oldrel-macos-arm64, r-oldrel-macos-x86_64