Last updated on 2022-05-26 12:53:40 CEST.
Flavor | Version | Tinstall | Tcheck | Ttotal | Status | Flags |
---|---|---|---|---|---|---|
r-devel-linux-x86_64-debian-clang | 0.1.4 | 252.12 | 145.41 | 397.53 | NOTE | |
r-devel-linux-x86_64-debian-gcc | 0.1.4 | 163.34 | 128.33 | 291.67 | NOTE | |
r-devel-linux-x86_64-fedora-clang | 0.1.4 | 468.89 | NOTE | |||
r-devel-linux-x86_64-fedora-gcc | 0.1.4 | 429.39 | NOTE | |||
r-devel-windows-x86_64 | 0.1.4 | 119.00 | 203.00 | 322.00 | NOTE | |
r-patched-linux-x86_64 | 0.1.4 | 121.34 | 147.37 | 268.71 | NOTE | |
r-release-linux-x86_64 | 0.1.4 | NOTE | ||||
r-release-macos-arm64 | 0.1.4 | 101.00 | NOTE | |||
r-release-macos-x86_64 | 0.1.4 | 216.00 | NOTE | |||
r-release-windows-x86_64 | 0.1.4 | 114.00 | 201.00 | 315.00 | NOTE | |
r-oldrel-macos-arm64 | 0.1.4 | 162.00 | NOTE | |||
r-oldrel-macos-x86_64 | 0.1.4 | 217.00 | NOTE | |||
r-oldrel-windows-ix86+x86_64 | 0.1.4 | 352.00 | 235.00 | 587.00 | NOTE |
Version: 0.1.4
Check: for GNU extensions in Makefiles
Result: NOTE
GNU make is a SystemRequirements.
Flavors: r-devel-linux-x86_64-debian-clang, r-devel-linux-x86_64-debian-gcc, r-devel-linux-x86_64-fedora-clang, r-devel-linux-x86_64-fedora-gcc, r-devel-windows-x86_64, r-patched-linux-x86_64, r-release-linux-x86_64, r-release-macos-arm64, r-release-macos-x86_64, r-release-windows-x86_64, r-oldrel-macos-arm64, r-oldrel-macos-x86_64, r-oldrel-windows-ix86+x86_64
Version: 0.1.4
Check: installed package size
Result: NOTE
installed size is 36.4Mb
sub-directories of 1Mb or more:
libs 35.7Mb
Flavors: r-devel-linux-x86_64-fedora-clang, r-release-macos-arm64, r-release-macos-x86_64, r-oldrel-macos-arm64, r-oldrel-macos-x86_64, r-oldrel-windows-ix86+x86_64