Last updated on 2024-03-29 12:54:06 CET.
Flavor | Version | Tinstall | Tcheck | Ttotal | Status | Flags |
---|---|---|---|---|---|---|
r-devel-linux-x86_64-debian-clang | 0.1.8 | 296.54 | 191.70 | 488.24 | NOTE | |
r-devel-linux-x86_64-debian-gcc | 0.1.8 | 249.78 | 155.85 | 405.63 | NOTE | |
r-devel-linux-x86_64-fedora-clang | 0.1.8 | 616.00 | NOTE | |||
r-devel-linux-x86_64-fedora-gcc | 0.1.8 | 692.45 | NOTE | |||
r-devel-windows-x86_64 | 0.1.8 | 196.00 | 188.00 | 384.00 | NOTE | |
r-patched-linux-x86_64 | 0.1.8 | 209.27 | 203.93 | 413.20 | NOTE | |
r-release-linux-x86_64 | 0.1.8 | 208.43 | 207.75 | 416.18 | NOTE | |
r-release-macos-arm64 | 0.1.8 | 145.00 | NOTE | |||
r-release-macos-x86_64 | 0.1.8 | 337.00 | NOTE | |||
r-release-windows-x86_64 | 0.1.8 | 269.00 | 226.00 | 495.00 | NOTE | |
r-oldrel-macos-arm64 | 0.1.8 | 143.00 | NOTE | |||
r-oldrel-windows-x86_64 | 0.1.8 | 261.00 | 221.00 | 482.00 | NOTE |
Version: 0.1.8
Check: for GNU extensions in Makefiles
Result: NOTE
GNU make is a SystemRequirements.
Flavors: r-devel-linux-x86_64-debian-clang, r-devel-linux-x86_64-debian-gcc, r-devel-linux-x86_64-fedora-clang, r-devel-linux-x86_64-fedora-gcc, r-devel-windows-x86_64, r-patched-linux-x86_64, r-release-linux-x86_64, r-release-macos-arm64, r-release-macos-x86_64, r-release-windows-x86_64, r-oldrel-macos-arm64, r-oldrel-windows-x86_64
Version: 0.1.8
Check: installed package size
Result: NOTE
installed size is 65.7Mb
sub-directories of 1Mb or more:
libs 65.0Mb
Flavors: r-release-macos-arm64, r-release-macos-x86_64, r-oldrel-macos-arm64