CRAN Package Check Results for Package glmmTMB

Last updated on 2022-08-16 06:52:24 CEST.

Flavor Version Tinstall Tcheck Ttotal Status Flags
r-devel-linux-x86_64-debian-clang 1.1.4 250.62 292.64 543.26 OK
r-devel-linux-x86_64-debian-gcc 1.1.4 158.55 227.07 385.62 OK
r-devel-linux-x86_64-fedora-clang 1.1.4 680.88 NOTE
r-devel-linux-x86_64-fedora-gcc 1.1.4 649.11 OK
r-devel-windows-x86_64 1.1.4 153.00 323.00 476.00 NOTE --no-vignettes
r-patched-linux-x86_64 1.1.4 168.62 292.49 461.11 OK
r-release-linux-x86_64 1.1.4 164.45 290.21 454.66 OK
r-release-macos-arm64 1.1.4 203.00 NOTE
r-release-macos-x86_64 1.1.4 239.00 NOTE
r-release-windows-x86_64 1.1.4 172.00 310.00 482.00 NOTE --no-vignettes
r-oldrel-macos-arm64 1.1.4 210.00 NOTE
r-oldrel-macos-x86_64 1.1.4 264.00 NOTE
r-oldrel-windows-ix86+x86_64 1.1.4 353.00 509.00 862.00 NOTE --no-vignettes

Check Details

Version: 1.1.4
Check: installed package size
Result: NOTE
     installed size is 7.5Mb
     sub-directories of 1Mb or more:
     libs 2.7Mb
     test_data 2.2Mb
     vignette_data 1.1Mb
Flavors: r-devel-linux-x86_64-fedora-clang, r-release-macos-arm64, r-release-macos-x86_64, r-oldrel-macos-arm64, r-oldrel-macos-x86_64

Version: 1.1.4
Flags: --no-vignettes
Check: installed package size
Result: NOTE
     installed size is 18.7Mb
     sub-directories of 1Mb or more:
     libs 13.9Mb
     test_data 2.2Mb
     vignette_data 1.1Mb
Flavors: r-devel-windows-x86_64, r-release-windows-x86_64, r-oldrel-windows-ix86+x86_64