CRAN Package Check Results for Package glmmML

Last updated on 2020-07-08 06:47:49 CEST.

Flavor Version Tinstall Tcheck Ttotal Status Flags
r-devel-linux-x86_64-debian-clang 1.1.1 6.48 32.49 38.97 OK
r-devel-linux-x86_64-debian-gcc 1.1.1 4.66 24.99 29.65 OK
r-devel-linux-x86_64-fedora-clang 1.1.1 57.74 NOTE
r-devel-linux-x86_64-fedora-gcc 1.1.1 47.41 OK
r-devel-windows-ix86+x86_64 1.1.1 19.00 70.00 89.00 OK
r-patched-linux-x86_64 1.1.1 5.70 32.67 38.37 OK
r-patched-solaris-x86 1.1.1 71.60 OK
r-release-linux-x86_64 1.1.1 5.41 32.26 37.67 OK
r-release-osx-x86_64 1.1.1 OK
r-release-windows-ix86+x86_64 1.1.1 17.00 84.00 101.00 OK
r-oldrel-osx-x86_64 1.1.1 OK
r-oldrel-windows-ix86+x86_64 1.1.1 18.00 85.00 103.00 OK

Check Details

Version: 1.1.1
Check: Rd cross-references
Result: NOTE
    Undeclared package ‘lme4’ in Rd xrefs
Flavor: r-devel-linux-x86_64-fedora-clang