Last updated on 2023-03-21 03:54:23 CET.
Flavor | Version | Tinstall | Tcheck | Ttotal | Status | Flags |
---|---|---|---|---|---|---|
r-devel-linux-x86_64-debian-clang | 0.2.2 | NOTE | ||||
r-devel-linux-x86_64-debian-gcc | 0.2.2 | 2.98 | 89.17 | 92.15 | NOTE | |
r-devel-linux-x86_64-fedora-clang | 0.2.2 | 155.32 | NOTE | |||
r-devel-linux-x86_64-fedora-gcc | 0.2.2 | 146.79 | NOTE | |||
r-patched-linux-x86_64 | 0.2.2 | 7.97 | 112.81 | 120.78 | NOTE | |
r-release-linux-x86_64 | 0.2.2 | 4.58 | 115.09 | 119.67 | NOTE | |
r-release-macos-arm64 | 0.2.2 | 41.00 | NOTE | |||
r-release-macos-x86_64 | 0.2.2 | 61.00 | NOTE | |||
r-release-windows-x86_64 | 0.2.2 | 22.00 | 147.00 | 169.00 | NOTE | |
r-oldrel-macos-arm64 | 0.2.2 | 53.00 | NOTE | |||
r-oldrel-macos-x86_64 | 0.2.2 | 86.00 | NOTE | |||
r-oldrel-windows-ix86+x86_64 | 0.2.2 | 19.00 | 143.00 | 162.00 | NOTE |
Version: 0.2.2
Check: LazyData
Result: NOTE
'LazyData' is specified without a 'data' directory
Flavors: r-devel-linux-x86_64-debian-clang, r-devel-linux-x86_64-debian-gcc, r-devel-linux-x86_64-fedora-clang, r-devel-linux-x86_64-fedora-gcc, r-patched-linux-x86_64, r-release-linux-x86_64, r-release-macos-arm64, r-release-macos-x86_64, r-release-windows-x86_64, r-oldrel-macos-arm64, r-oldrel-macos-x86_64, r-oldrel-windows-ix86+x86_64