Last updated on 2025-05-11 21:50:08 CEST.
Flavor | Version | Tinstall | Tcheck | Ttotal | Status | Flags |
---|---|---|---|---|---|---|
r-devel-linux-x86_64-debian-clang | 1.0.12 | 4.90 | 28.86 | 33.76 | NOTE | |
r-devel-linux-x86_64-debian-gcc | 1.0.12 | 3.68 | 22.46 | 26.14 | NOTE | |
r-devel-linux-x86_64-fedora-clang | 1.0.12 | 59.31 | OK | |||
r-devel-linux-x86_64-fedora-gcc | 1.0.12 | 56.89 | OK | |||
r-devel-windows-x86_64 | 1.0.12 | 8.00 | 52.00 | 60.00 | OK | |
r-patched-linux-x86_64 | 1.0.12 | 5.08 | 28.61 | 33.69 | OK | |
r-release-linux-x86_64 | 1.0.12 | 4.94 | 27.98 | 32.92 | OK | |
r-release-macos-arm64 | 1.0.12 | 22.00 | OK | |||
r-release-macos-x86_64 | 1.0.12 | 33.00 | OK | |||
r-release-windows-x86_64 | 1.0.12 | 8.00 | 59.00 | 67.00 | OK | |
r-oldrel-macos-arm64 | 1.0.12 | 21.00 | OK | |||
r-oldrel-macos-x86_64 | 1.0.12 | 34.00 | OK | |||
r-oldrel-windows-x86_64 | 1.0.12 | 9.00 | 52.00 | 61.00 | OK |
Version: 1.0.12
Check: CRAN incoming feasibility
Result: NOTE
Maintainer: ‘Michael Lim <michael626@gmail.com>’
No Authors@R field in DESCRIPTION.
Please add one, modifying
Authors@R: c(person(given = "Michael",
family = "Lim",
role = c("aut", "cre"),
email = "michael626@gmail.com"),
person(given = "Trevor",
family = "Hastie",
role = "aut"))
as necessary.
Flavors: r-devel-linux-x86_64-debian-clang, r-devel-linux-x86_64-debian-gcc