Last updated on 2023-03-22 21:58:00 CET.
Flavor | Version | Tinstall | Tcheck | Ttotal | Status | Flags |
---|---|---|---|---|---|---|
r-devel-linux-x86_64-debian-clang | 2.6.2 | 65.19 | 118.85 | 184.04 | NOTE | |
r-devel-linux-x86_64-debian-gcc | 2.6.2 | 53.00 | 87.14 | 140.14 | NOTE | |
r-devel-linux-x86_64-fedora-clang | 2.6.2 | 221.65 | NOTE | |||
r-devel-linux-x86_64-fedora-gcc | 2.6.2 | 241.09 | NOTE | |||
r-patched-linux-x86_64 | 2.6.2 | 54.50 | 111.36 | 165.86 | OK | |
r-release-linux-x86_64 | 2.6.2 | 55.25 | 112.49 | 167.74 | OK | |
r-release-macos-arm64 | 2.6.2 | 68.00 | OK | |||
r-release-macos-x86_64 | 2.6.2 | 74.00 | OK | |||
r-release-windows-x86_64 | 2.6.2 | 66.00 | 164.00 | 230.00 | OK | |
r-oldrel-macos-arm64 | 2.6.2 | 64.00 | OK | |||
r-oldrel-macos-x86_64 | 2.6.2 | 74.00 | OK | |||
r-oldrel-windows-ix86+x86_64 | 2.6.2 | 133.00 | 151.00 | 284.00 | OK |
Version: 2.6.2
Check: C++ specification
Result: NOTE
Specified C++11: please drop specification unless essential
Flavors: r-devel-linux-x86_64-debian-clang, r-devel-linux-x86_64-debian-gcc, r-devel-linux-x86_64-fedora-clang, r-devel-linux-x86_64-fedora-gcc