Last updated on 2024-03-28 12:50:35 CET.
Flavor | Version | Tinstall | Tcheck | Ttotal | Status | Flags |
---|---|---|---|---|---|---|
r-devel-linux-x86_64-debian-clang | 0.2.2 | 8.22 | 89.95 | 98.17 | OK | |
r-devel-linux-x86_64-debian-gcc | 0.2.2 | 7.25 | 66.21 | 73.46 | OK | |
r-devel-linux-x86_64-fedora-clang | 0.2.2 | 126.51 | NOTE | |||
r-devel-linux-x86_64-fedora-gcc | 0.2.2 | 133.70 | NOTE | |||
r-devel-windows-x86_64 | 0.2.2 | 9.00 | 83.00 | 92.00 | OK | |
r-patched-linux-x86_64 | 0.2.2 | 10.73 | 86.75 | 97.48 | OK | |
r-release-linux-x86_64 | 0.2.2 | 5.37 | 85.28 | 90.65 | OK | |
r-release-macos-arm64 | 0.2.2 | 44.00 | OK | |||
r-release-macos-x86_64 | 0.2.2 | 75.00 | OK | |||
r-release-windows-x86_64 | 0.2.2 | 11.00 | 95.00 | 106.00 | OK | |
r-oldrel-macos-arm64 | 0.2.2 | 32.00 | NOTE | |||
r-oldrel-windows-x86_64 | 0.2.2 | 12.00 | 97.00 | 109.00 | OK |
Version: 0.2.2
Check: dependencies in R code
Result: NOTE
Namespace in Imports field not imported from: ‘mockery’
All declared Imports should be used.
Flavors: r-devel-linux-x86_64-fedora-clang, r-devel-linux-x86_64-fedora-gcc, r-oldrel-macos-arm64