CRAN Package Check Results for Package gitear

Last updated on 2023-06-08 05:58:10 CEST.

Flavor Version Tinstall Tcheck Ttotal Status Flags
r-devel-linux-x86_64-debian-clang 1.0.0 6.84 56.03 62.87 NOTE
r-devel-linux-x86_64-debian-gcc 1.0.0 5.35 42.58 47.93 NOTE
r-devel-linux-x86_64-fedora-clang 1.0.0 78.21 NOTE
r-devel-linux-x86_64-fedora-gcc 1.0.0 85.70 NOTE
r-devel-windows-x86_64 1.0.0 8.00 67.00 75.00 NOTE
r-patched-linux-x86_64 1.0.0 4.46 52.83 57.29 NOTE
r-release-linux-x86_64 1.0.0 3.87 52.22 56.09 NOTE
r-release-macos-arm64 1.0.0 36.00 NOTE
r-release-macos-x86_64 1.0.0 58.00 NOTE
r-release-windows-x86_64 1.0.0 9.00 73.00 82.00 NOTE
r-oldrel-macos-arm64 1.0.0 29.00 NOTE
r-oldrel-macos-x86_64 1.0.0 51.00 NOTE
r-oldrel-windows-x86_64 1.0.0 8.00 73.00 81.00 NOTE

Check Details

Version: 1.0.0
Check: LazyData
Result: NOTE
     'LazyData' is specified without a 'data' directory
Flavors: r-devel-linux-x86_64-debian-clang, r-devel-linux-x86_64-debian-gcc, r-devel-linux-x86_64-fedora-clang, r-devel-linux-x86_64-fedora-gcc, r-devel-windows-x86_64, r-patched-linux-x86_64, r-release-linux-x86_64, r-release-macos-arm64, r-release-macos-x86_64, r-release-windows-x86_64, r-oldrel-macos-arm64, r-oldrel-macos-x86_64, r-oldrel-windows-x86_64

Version: 1.0.0
Check: dependencies in R code
Result: NOTE
    Namespaces in Imports field not imported from:
     ‘Rcpp’ ‘mockery’
     All declared Imports should be used.
Flavors: r-devel-linux-x86_64-fedora-clang, r-devel-linux-x86_64-fedora-gcc, r-oldrel-macos-arm64, r-oldrel-macos-x86_64