CRAN Package Check Results for Package git2r

Last updated on 2022-01-22 02:51:17 CET.

Flavor Version Tinstall Tcheck Ttotal Status Flags
r-devel-linux-x86_64-debian-clang 0.29.0 16.70 86.06 102.76 OK
r-devel-linux-x86_64-debian-gcc 0.29.0 13.23 66.86 80.09 OK
r-devel-linux-x86_64-fedora-clang 0.29.0 110.71 OK
r-devel-linux-x86_64-fedora-gcc 0.29.0 98.20 OK
r-devel-windows-x86_64-new-UL 0.29.0 287.00 170.00 457.00 OK
r-devel-windows-x86_64-new-TK 0.29.0 OK
r-patched-linux-x86_64 0.29.0 15.29 84.27 99.56 OK
r-release-linux-x86_64 0.29.0 14.67 83.89 98.56 OK
r-release-macos-arm64 0.29.0 OK
r-release-macos-x86_64 0.29.0 OK
r-release-windows-ix86+x86_64 0.29.0 61.00 170.00 231.00 NOTE
r-oldrel-macos-x86_64 0.29.0 OK
r-oldrel-windows-ix86+x86_64 0.29.0 60.00 181.00 241.00 NOTE

Check Details

Version: 0.29.0
Check: installed package size
Result: NOTE
     installed size is 8.0Mb
     sub-directories of 1Mb or more:
     libs 7.5Mb
Flavors: r-release-windows-ix86+x86_64, r-oldrel-windows-ix86+x86_64