CRAN Package Check Results for Package giscoR

Last updated on 2021-11-29 21:51:40 CET.

Flavor Version Tinstall Tcheck Ttotal Status Flags
r-devel-linux-x86_64-debian-clang 0.3.1 3.78 51.95 55.73 OK
r-devel-linux-x86_64-debian-gcc 0.3.1 3.17 40.11 43.28 OK
r-devel-linux-x86_64-fedora-clang 0.3.1 79.11 NOTE
r-devel-linux-x86_64-fedora-gcc 0.3.1 67.60 NOTE
r-devel-windows-x86_64-new-UL 0.3.1 12.00 94.00 106.00 OK
r-devel-windows-x86_64-new-TK 0.3.1 NOTE
r-devel-windows-x86_64-old 0.3.1 7.00 58.00 65.00 OK
r-patched-linux-x86_64 0.3.1 4.08 49.96 54.04 OK
r-patched-solaris-x86 0.3.1 90.60 NOTE
r-release-linux-x86_64 0.3.1 3.56 49.56 53.12 OK
r-release-macos-arm64 0.3.1 NOTE
r-release-macos-x86_64 0.3.1 NOTE
r-release-windows-ix86+x86_64 0.3.1 11.00 58.00 69.00 OK
r-oldrel-macos-x86_64 0.3.1 NOTE
r-oldrel-windows-ix86+x86_64 0.3.1 6.00 55.00 61.00 OK

Check Details

Version: 0.3.1
Check: data for non-ASCII characters
Result: NOTE
     Note: found 1178 marked UTF-8 strings
Flavors: r-devel-linux-x86_64-fedora-clang, r-devel-linux-x86_64-fedora-gcc, r-devel-windows-x86_64-new-TK, r-patched-solaris-x86, r-release-macos-arm64, r-release-macos-x86_64, r-oldrel-macos-x86_64