Last updated on 2023-12-11 12:52:11 CET.
Flavor | Version | Tinstall | Tcheck | Ttotal | Status | Flags |
---|---|---|---|---|---|---|
r-devel-linux-x86_64-debian-clang | 0.8.0 | 4.25 | 60.24 | 64.49 | NOTE | |
r-devel-linux-x86_64-debian-gcc | 0.8.0 | 3.16 | 47.77 | 50.93 | NOTE | |
r-devel-linux-x86_64-fedora-clang | 0.8.0 | 79.18 | NOTE | |||
r-devel-linux-x86_64-fedora-gcc | 0.8.0 | 84.71 | NOTE | |||
r-devel-windows-x86_64 | 0.8.0 | 4.00 | 322.00 | 326.00 | NOTE | |
r-patched-linux-x86_64 | 0.8.0 | 4.58 | 62.04 | 66.62 | NOTE | |
r-release-linux-x86_64 | 0.8.0 | 3.79 | 62.16 | 65.95 | NOTE | |
r-release-macos-arm64 | 0.8.0 | 45.00 | NOTE | |||
r-release-macos-x86_64 | 0.8.0 | 60.00 | NOTE | |||
r-release-windows-x86_64 | 0.8.0 | 5.00 | 495.00 | 500.00 | NOTE | |
r-oldrel-macos-arm64 | 0.8.0 | 39.00 | NOTE | |||
r-oldrel-macos-x86_64 | 0.8.0 | 52.00 | NOTE | |||
r-oldrel-windows-x86_64 | 0.8.0 | 5.00 | 186.00 | 191.00 | NOTE |
Version: 0.8.0
Check: LazyData
Result: NOTE
'LazyData' is specified without a 'data' directory
Flavors: r-devel-linux-x86_64-debian-clang, r-devel-linux-x86_64-debian-gcc, r-devel-linux-x86_64-fedora-clang, r-devel-linux-x86_64-fedora-gcc, r-devel-windows-x86_64, r-patched-linux-x86_64, r-release-linux-x86_64, r-release-macos-arm64, r-release-macos-x86_64, r-release-windows-x86_64, r-oldrel-macos-arm64, r-oldrel-macos-x86_64, r-oldrel-windows-x86_64