CRAN Package Check Results for Package gifski

Last updated on 2021-11-29 21:51:40 CET.

Flavor Version Tinstall Tcheck Ttotal Status Flags
r-devel-linux-x86_64-debian-clang 1.4.3-1 223.04 20.29 243.33 OK
r-devel-linux-x86_64-debian-gcc 1.4.3-1 171.63 16.51 188.14 OK
r-devel-linux-x86_64-fedora-clang 1.4.3-1 382.90 OK
r-devel-linux-x86_64-fedora-gcc 1.4.3-1 367.73 OK
r-devel-windows-x86_64-new-UL 1.4.3-1 14.00 69.00 83.00 OK
r-devel-windows-x86_64-new-TK 1.4.3-1 OK
r-devel-windows-x86_64-old 1.4.3-1 9.00 35.00 44.00 OK
r-patched-linux-x86_64 1.4.3-1 227.58 20.04 247.62 OK
r-release-linux-x86_64 1.4.3-1 225.54 19.97 245.51 OK
r-release-macos-arm64 1.4.3-1 NOTE
r-release-macos-x86_64 1.4.3-1 NOTE
r-release-windows-ix86+x86_64 1.4.3-1 14.00 52.00 66.00 OK
r-oldrel-macos-x86_64 1.4.3-1 NOTE
r-oldrel-windows-ix86+x86_64 1.4.3-1 10.00 53.00 63.00 OK

Check Details

Version: 1.4.3-1
Check: installed package size
Result: NOTE
     installed size is 6.7Mb
     sub-directories of 1Mb or more:
     libs 6.7Mb
Flavors: r-release-macos-arm64, r-release-macos-x86_64, r-oldrel-macos-x86_64