Last updated on 2024-03-29 04:05:53 CET.
Flavor | Version | Tinstall | Tcheck | Ttotal | Status | Flags |
---|---|---|---|---|---|---|
r-devel-linux-x86_64-debian-clang | 1.12.0-2 | 210.95 | 21.66 | 232.61 | OK | |
r-devel-linux-x86_64-debian-gcc | 1.12.0-2 | 168.19 | 16.98 | 185.17 | OK | |
r-devel-linux-x86_64-fedora-clang | 1.12.0-2 | 332.17 | OK | |||
r-devel-linux-x86_64-fedora-gcc | 1.12.0-2 | 322.48 | OK | |||
r-devel-windows-x86_64 | 1.12.0-2 | 88.00 | 65.00 | 153.00 | OK | |
r-patched-linux-x86_64 | 1.12.0-2 | 211.51 | 20.74 | 232.25 | OK | |
r-release-linux-x86_64 | 1.12.0-2 | 211.81 | 20.57 | 232.38 | OK | |
r-release-macos-arm64 | 1.12.0-2 | 65.00 | NOTE | |||
r-release-macos-x86_64 | 1.12.0-2 | 81.00 | NOTE | |||
r-release-windows-x86_64 | 1.12.0-2 | 96.00 | 72.00 | 168.00 | OK | |
r-oldrel-macos-arm64 | 1.12.0-2 | 82.00 | NOTE | |||
r-oldrel-windows-x86_64 | 1.12.0-2 | 102.00 | 78.00 | 180.00 | WARN |
Version: 1.12.0-2
Check: installed package size
Result: NOTE
installed size is 8.8Mb
sub-directories of 1Mb or more:
libs 8.7Mb
Flavors: r-release-macos-arm64, r-release-macos-x86_64, r-oldrel-macos-arm64
Version: 1.12.0-2
Check: whether package can be installed
Result: WARN
Found the following significant warnings:
Warning: corrupt .drectve at end of def file
Flavor: r-oldrel-windows-x86_64