Last updated on 2023-03-27 06:50:08 CEST.
Flavor | Version | Tinstall | Tcheck | Ttotal | Status | Flags |
---|---|---|---|---|---|---|
r-devel-linux-x86_64-debian-clang | 1.6.3 | 9.88 | 101.08 | 110.96 | NOTE | |
r-devel-linux-x86_64-debian-gcc | 1.6.3 | 8.28 | 76.03 | 84.31 | NOTE | |
r-devel-linux-x86_64-fedora-clang | 1.6.3 | 139.01 | NOTE | |||
r-devel-linux-x86_64-fedora-gcc | 1.6.3 | 143.78 | NOTE | |||
r-patched-linux-x86_64 | 1.6.3 | 12.01 | 100.31 | 112.32 | NOTE | |
r-release-linux-x86_64 | 1.6.3 | 8.40 | 97.26 | 105.66 | OK | |
r-release-macos-arm64 | 1.6.3 | 50.00 | OK | |||
r-release-macos-x86_64 | 1.6.3 | 63.00 | OK | |||
r-release-windows-x86_64 | 1.6.3 | 60.00 | 174.00 | 234.00 | OK | |
r-oldrel-macos-arm64 | 1.6.3 | 50.00 | OK | |||
r-oldrel-macos-x86_64 | 1.6.3 | 65.00 | OK | |||
r-oldrel-windows-ix86+x86_64 | 1.6.3 | 23.00 | 262.00 | 285.00 | OK |
Version: 1.6.3
Check: Rd \usage sections
Result: NOTE
S3 methods shown with full name in documentation object ‘plot-ghyp.attribution’:
‘plot.ghyp.attrib’
The \usage entries for S3 methods should use the \method markup and not
their full name.
See chapter ‘Writing R documentation files’ in the ‘Writing R
Extensions’ manual.
Flavors: r-devel-linux-x86_64-debian-clang, r-devel-linux-x86_64-debian-gcc, r-devel-linux-x86_64-fedora-clang, r-devel-linux-x86_64-fedora-gcc, r-patched-linux-x86_64