CRAN Package Check Results for Package ggseqlogo

Last updated on 2025-04-29 12:52:37 CEST.

Flavor Version Tinstall Tcheck Ttotal Status Flags
r-devel-linux-x86_64-debian-clang 0.2 4.72 49.31 54.03 NOTE
r-devel-linux-x86_64-debian-gcc 0.2 3.61 35.41 39.02 NOTE
r-devel-linux-x86_64-fedora-clang 0.2 77.11 OK
r-devel-linux-x86_64-fedora-gcc 0.2 88.65 OK
r-devel-windows-x86_64 0.2 7.00 64.00 71.00 NOTE
r-patched-linux-x86_64 0.2 4.75 45.96 50.71 NOTE
r-release-linux-x86_64 0.2 4.63 45.48 50.11 NOTE
r-release-macos-arm64 0.2 39.00 OK
r-release-macos-x86_64 0.2 61.00 OK
r-release-windows-x86_64 0.2 7.00 66.00 73.00 NOTE
r-oldrel-macos-arm64 0.2 31.00 OK
r-oldrel-macos-x86_64 0.2 48.00 OK
r-oldrel-windows-x86_64 0.2 8.00 74.00 82.00 OK

Check Details

Version: 0.2
Check: CRAN incoming feasibility
Result: NOTE Maintainer: ‘Omar Wagih <omarwagih@gmail.com>’ No Authors@R field in DESCRIPTION. Please add one, modifying Authors@R: person(given = "Omar", family = "Wagih", role = c("aut", "cre"), email = "omarwagih@gmail.com") as necessary. Flavors: r-devel-linux-x86_64-debian-clang, r-devel-linux-x86_64-debian-gcc

Version: 0.2
Check: Rd cross-references
Result: NOTE Found the following Rd file(s) with Rd \link{} targets missing package anchors: ggseqlogo.Rd: facet_wrap Please provide package anchors for all Rd \link{} targets not in the package itself and the base packages. Flavors: r-devel-linux-x86_64-debian-clang, r-devel-linux-x86_64-debian-gcc, r-devel-windows-x86_64, r-patched-linux-x86_64, r-release-linux-x86_64, r-release-windows-x86_64