CRAN Package Check Results for Package ggseg

Last updated on 2022-10-01 12:56:13 CEST.

Flavor Version Tinstall Tcheck Ttotal Status Flags
r-devel-linux-x86_64-debian-clang 1.6.5 10.57 208.18 218.75 NOTE
r-devel-linux-x86_64-debian-gcc 1.6.5 7.88 148.74 156.62 NOTE
r-devel-linux-x86_64-fedora-clang 1.6.5 275.18 NOTE
r-devel-linux-x86_64-fedora-gcc 1.6.5 266.24 NOTE
r-devel-windows-x86_64 1.6.5 75.00 237.00 312.00 NOTE
r-patched-linux-x86_64 1.6.5 8.17 188.12 196.29 OK
r-release-linux-x86_64 1.6.5 9.93 186.53 196.46 OK
r-release-macos-arm64 1.6.5 83.00 OK
r-release-macos-x86_64 1.6.5 102.00 OK
r-release-windows-x86_64 1.6.5 65.00 238.00 303.00 OK
r-oldrel-macos-arm64 1.6.5 76.00 OK
r-oldrel-macos-x86_64 1.6.5 104.00 OK
r-oldrel-windows-ix86+x86_64 1.6.5 24.00 240.00 264.00 OK

Check Details

Version: 1.6.5
Check: package subdirectories
Result: NOTE
    Problems with news in 'NEWS.md':
     Cannot extract version info from the following section titles:
     * Changes all data options to .data to decrease possibility of column naming overlap
Flavors: r-devel-linux-x86_64-debian-clang, r-devel-linux-x86_64-debian-gcc, r-devel-linux-x86_64-fedora-clang, r-devel-linux-x86_64-fedora-gcc, r-devel-windows-x86_64