Last updated on 2023-11-30 12:49:23 CET.
Flavor | Version | Tinstall | Tcheck | Ttotal | Status | Flags |
---|---|---|---|---|---|---|
r-devel-linux-x86_64-debian-clang | 1.3 | 13.41 | 128.82 | 142.23 | OK | |
r-devel-linux-x86_64-debian-gcc | 1.3 | 11.99 | 94.07 | 106.06 | OK | |
r-devel-linux-x86_64-fedora-clang | 1.3 | 176.16 | NOTE | |||
r-devel-linux-x86_64-fedora-gcc | 1.3 | 164.89 | NOTE | |||
r-devel-windows-x86_64 | 1.3 | 14.00 | 103.00 | 117.00 | OK | |
r-patched-linux-x86_64 | 1.3 | 10.65 | 119.17 | 129.82 | OK | |
r-release-linux-x86_64 | 1.3 | 11.98 | 119.00 | 130.98 | OK | |
r-release-macos-arm64 | 1.3 | 53.00 | OK | |||
r-release-macos-x86_64 | 1.3 | 85.00 | OK | |||
r-release-windows-x86_64 | 1.3 | 19.00 | 125.00 | 144.00 | OK | |
r-oldrel-macos-arm64 | 1.3 | 60.00 | NOTE | |||
r-oldrel-macos-x86_64 | 1.3 | 84.00 | NOTE | |||
r-oldrel-windows-x86_64 | 1.3 | 19.00 | 129.00 | 148.00 | OK |
Version: 1.3
Check: dependencies in R code
Result: NOTE
Namespaces in Imports field not imported from:
‘nomogramFormula’ ‘survival’
All declared Imports should be used.
Flavors: r-devel-linux-x86_64-fedora-clang, r-devel-linux-x86_64-fedora-gcc, r-oldrel-macos-arm64, r-oldrel-macos-x86_64