Last updated on 2025-02-01 12:48:27 CET.
Flavor | Version | Tinstall | Tcheck | Ttotal | Status | Flags |
---|---|---|---|---|---|---|
r-devel-linux-x86_64-debian-clang | 0.9.6 | 17.37 | 69.37 | 86.74 | OK | |
r-devel-linux-x86_64-debian-gcc | 0.9.6 | 13.42 | 50.62 | 64.04 | OK | |
r-devel-linux-x86_64-fedora-clang | 0.9.6 | 145.17 | OK | |||
r-devel-linux-x86_64-fedora-gcc | 0.9.6 | 154.75 | OK | |||
r-devel-windows-x86_64 | 0.9.6 | 23.00 | 99.00 | 122.00 | OK | |
r-patched-linux-x86_64 | 0.9.6 | 17.13 | 66.92 | 84.05 | OK | |
r-release-linux-x86_64 | 0.9.6 | 18.16 | 66.97 | 85.13 | OK | |
r-release-macos-arm64 | 0.9.6 | 48.00 | OK | |||
r-release-macos-x86_64 | 0.9.6 | 138.00 | OK | |||
r-release-windows-x86_64 | 0.9.6 | 1.00 | 5.00 | 6.00 | ERROR | |
r-oldrel-macos-arm64 | 0.9.6 | 55.00 | OK | |||
r-oldrel-macos-x86_64 | 0.9.6 | 91.00 | OK | |||
r-oldrel-windows-x86_64 | 0.9.6 | 26.00 | 117.00 | 143.00 | OK |
Version: 0.9.6
Check: whether package can be installed
Result: ERROR
Installation failed.
Flavor: r-release-windows-x86_64