Last updated on 2024-04-26 20:51:57 CEST.
Flavor | Version | Tinstall | Tcheck | Ttotal | Status | Flags |
---|---|---|---|---|---|---|
r-devel-linux-x86_64-debian-clang | 2.2.1 | 56.35 | 274.93 | 331.28 | NOTE | |
r-devel-linux-x86_64-debian-gcc | 2.2.1 | 43.42 | 204.48 | 247.90 | NOTE | |
r-devel-linux-x86_64-fedora-clang | 2.2.1 | 454.68 | NOTE | |||
r-devel-linux-x86_64-fedora-gcc | 2.2.1 | 430.93 | NOTE | |||
r-devel-windows-x86_64 | 2.2.1 | 51.00 | 380.00 | 431.00 | NOTE | |
r-patched-linux-x86_64 | 2.2.1 | 48.82 | 261.54 | 310.36 | OK | |
r-release-linux-x86_64 | 2.2.1 | 43.19 | 264.03 | 307.22 | OK | |
r-release-macos-arm64 | 2.2.1 | 109.00 | NOTE | |||
r-release-macos-x86_64 | 2.2.1 | 307.00 | NOTE | |||
r-release-windows-x86_64 | 2.2.1 | 47.00 | 369.00 | 416.00 | NOTE | |
r-oldrel-macos-arm64 | 2.2.1 | 119.00 | NOTE | |||
r-oldrel-macos-x86_64 | 2.2.1 | 308.00 | NOTE | |||
r-oldrel-windows-x86_64 | 2.2.1 | 60.00 | 448.00 | 508.00 | NOTE |
Version: 2.2.1
Check: compiled code
Result: NOTE
File ‘ggraph/libs/ggraph.so’:
Found non-API calls to R: ‘SETLENGTH’, ‘SET_TRUELENGTH’
Compiled code should not call non-API entry points in R.
See ‘Writing portable packages’ in the ‘Writing R Extensions’ manual.
Flavors: r-devel-linux-x86_64-debian-clang, r-devel-linux-x86_64-debian-gcc, r-devel-linux-x86_64-fedora-clang, r-devel-linux-x86_64-fedora-gcc
Version: 2.2.1
Check: installed package size
Result: NOTE
installed size is 5.8Mb
sub-directories of 1Mb or more:
doc 3.9Mb
Flavors: r-devel-linux-x86_64-fedora-clang, r-devel-windows-x86_64, r-release-macos-arm64, r-release-macos-x86_64, r-release-windows-x86_64, r-oldrel-macos-arm64, r-oldrel-macos-x86_64, r-oldrel-windows-x86_64
Version: 2.2.1
Check: compiled code
Result: NOTE
File 'ggraph/libs/x64/ggraph.dll':
Found non-API calls to R: 'SETLENGTH', 'SET_TRUELENGTH'
Compiled code should not call non-API entry points in R.
See 'Writing portable packages' in the 'Writing R Extensions' manual.
Flavor: r-devel-windows-x86_64