Last updated on 2024-04-19 21:56:29 CEST.
Flavor | Version | Tinstall | Tcheck | Ttotal | Status | Flags |
---|---|---|---|---|---|---|
r-devel-linux-x86_64-debian-clang | 0.1.0 | 6.36 | 109.58 | 115.94 | OK | |
r-devel-linux-x86_64-debian-gcc | 0.1.0 | OK | ||||
r-devel-linux-x86_64-fedora-clang | 0.1.0 | 152.22 | NOTE | |||
r-devel-linux-x86_64-fedora-gcc | 0.1.0 | 156.42 | NOTE | |||
r-prerel-macos-arm64 | 0.1.0 | 46.00 | OK | |||
r-prerel-macos-x86_64 | 0.1.0 | 129.00 | OK | |||
r-prerel-windows-x86_64 | 0.1.0 | 9.00 | 92.00 | 101.00 | OK | |
r-patched-linux-x86_64 | 0.1.0 | 5.63 | 105.18 | 110.81 | OK | |
r-release-linux-x86_64 | 0.1.0 | 5.41 | 104.58 | 109.99 | OK | |
r-release-macos-arm64 | 0.1.0 | 56.00 | OK | |||
r-release-macos-x86_64 | 0.1.0 | 97.00 | OK | |||
r-release-windows-x86_64 | 0.1.0 | 10.00 | 106.00 | 116.00 | OK | |
r-oldrel-macos-arm64 | 0.1.0 | 52.00 | OK | |||
r-oldrel-windows-x86_64 | 0.1.0 | 10.00 | 108.00 | 118.00 | OK |
Version: 0.1.0
Check: data for non-ASCII characters
Result: NOTE
Note: found 35 marked UTF-8 strings
Flavors: r-devel-linux-x86_64-fedora-clang, r-devel-linux-x86_64-fedora-gcc