Last updated on 2024-04-19 21:56:29 CEST.
Flavor | Version | Tinstall | Tcheck | Ttotal | Status | Flags |
---|---|---|---|---|---|---|
r-devel-linux-x86_64-debian-clang | 1.0.0 | 5.10 | 50.91 | 56.01 | NOTE | |
r-devel-linux-x86_64-debian-gcc | 1.0.0 | NOTE | ||||
r-devel-linux-x86_64-fedora-clang | 1.0.0 | 69.86 | NOTE | |||
r-devel-linux-x86_64-fedora-gcc | 1.0.0 | 65.56 | NOTE | |||
r-prerel-macos-arm64 | 1.0.0 | 25.00 | NOTE | |||
r-prerel-windows-x86_64 | 1.0.0 | 6.00 | 62.00 | 68.00 | NOTE | |
r-patched-linux-x86_64 | 1.0.0 | 8.76 | 48.57 | 57.33 | NOTE | |
r-release-linux-x86_64 | 1.0.0 | 5.78 | 47.77 | 53.55 | NOTE | |
r-release-macos-arm64 | 1.0.0 | 27.00 | NOTE | |||
r-release-macos-x86_64 | 1.0.0 | 35.00 | NOTE | |||
r-release-windows-x86_64 | 1.0.0 | 8.00 | 64.00 | 72.00 | NOTE | |
r-oldrel-macos-arm64 | 1.0.0 | 23.00 | NOTE | |||
r-oldrel-windows-x86_64 | 1.0.0 | 8.00 | 74.00 | 82.00 | NOTE |
Version: 1.0.0
Check: LazyData
Result: NOTE
'LazyData' is specified without a 'data' directory
Flavors: r-devel-linux-x86_64-debian-clang, r-devel-linux-x86_64-debian-gcc, r-devel-linux-x86_64-fedora-clang, r-devel-linux-x86_64-fedora-gcc, r-prerel-macos-arm64, r-prerel-windows-x86_64, r-patched-linux-x86_64, r-release-linux-x86_64, r-release-macos-arm64, r-release-macos-x86_64, r-release-windows-x86_64, r-oldrel-macos-arm64, r-oldrel-windows-x86_64