Last updated on 2023-03-21 12:50:37 CET.
Flavor | Version | Tinstall | Tcheck | Ttotal | Status | Flags |
---|---|---|---|---|---|---|
r-devel-linux-x86_64-debian-clang | 1.0.2 | 6.32 | 63.20 | 69.52 | WARN | |
r-devel-linux-x86_64-debian-gcc | 1.0.2 | 4.95 | 46.80 | 51.75 | WARN | |
r-devel-linux-x86_64-fedora-clang | 1.0.2 | 89.13 | WARN | |||
r-devel-linux-x86_64-fedora-gcc | 1.0.2 | 95.99 | WARN | |||
r-patched-linux-x86_64 | 1.0.2 | 6.13 | 60.05 | 66.18 | OK | |
r-release-linux-x86_64 | 1.0.2 | 6.03 | 61.61 | 67.64 | OK | |
r-release-macos-arm64 | 1.0.2 | 29.00 | OK | |||
r-release-macos-x86_64 | 1.0.2 | 41.00 | OK | |||
r-release-windows-x86_64 | 1.0.2 | 16.00 | 100.00 | 116.00 | OK | |
r-oldrel-macos-arm64 | 1.0.2 | 26.00 | OK | |||
r-oldrel-macos-x86_64 | 1.0.2 | 45.00 | OK | |||
r-oldrel-windows-ix86+x86_64 | 1.0.2 | 15.00 | 88.00 | 103.00 | OK |
Version: 1.0.2
Check: S3 generic/method consistency
Result: WARN
sample_frac:
function(tbl, size, replace, weight, .env, ...)
sample_frac.periodic_df:
function(tbl, size, replace, weight, .env)
fortify:
function(model, data, ...)
fortify.periodic_df:
function(data, ...)
sample_n:
function(tbl, size, replace, weight, .env, ...)
sample_n.periodic_df:
function(tbl, size, replace, weight, .env)
See section ‘Generic functions and methods’ in the ‘Writing R
Extensions’ manual.
Flavors: r-devel-linux-x86_64-debian-clang, r-devel-linux-x86_64-debian-gcc, r-devel-linux-x86_64-fedora-clang, r-devel-linux-x86_64-fedora-gcc