Last updated on 2023-12-01 12:52:20 CET.
Flavor | Version | Tinstall | Tcheck | Ttotal | Status | Flags |
---|---|---|---|---|---|---|
r-devel-linux-x86_64-debian-clang | 0.2.0 | 7.44 | 64.70 | 72.14 | NOTE | |
r-devel-linux-x86_64-debian-gcc | 0.2.0 | 6.45 | 48.72 | 55.17 | NOTE | |
r-devel-linux-x86_64-fedora-clang | 0.2.0 | 89.82 | NOTE | |||
r-devel-linux-x86_64-fedora-gcc | 0.2.0 | 85.29 | NOTE | |||
r-devel-windows-x86_64 | 0.2.0 | 10.00 | 68.00 | 78.00 | NOTE | |
r-patched-linux-x86_64 | 0.2.0 | 6.83 | 62.23 | 69.06 | OK | |
r-release-linux-x86_64 | 0.2.0 | 8.17 | 60.81 | 68.98 | OK | |
r-release-macos-arm64 | 0.2.0 | 32.00 | OK | |||
r-release-macos-x86_64 | 0.2.0 | 50.00 | OK | |||
r-release-windows-x86_64 | 0.2.0 | 12.00 | 77.00 | 89.00 | OK | |
r-oldrel-macos-arm64 | 0.2.0 | 28.00 | OK | |||
r-oldrel-macos-x86_64 | 0.2.0 | 49.00 | OK | |||
r-oldrel-windows-x86_64 | 0.2.0 | 11.00 | 81.00 | 92.00 | OK |
Version: 0.2.0
Check: Rd metadata
Result: NOTE
Invalid package aliases in Rd file 'package-ggparallel.Rd':
‘package-ggparallel-package’
Flavors: r-devel-linux-x86_64-debian-clang, r-devel-linux-x86_64-debian-gcc, r-devel-linux-x86_64-fedora-clang, r-devel-linux-x86_64-fedora-gcc, r-devel-windows-x86_64