CRAN Package Check Results for Package ggnetwork

Last updated on 2022-05-19 05:51:54 CEST.

Flavor Version Tinstall Tcheck Ttotal Status Flags
r-devel-linux-x86_64-debian-clang 0.5.10 6.14 95.80 101.94 OK
r-devel-linux-x86_64-debian-gcc 0.5.10 4.86 70.88 75.74 OK
r-devel-linux-x86_64-fedora-clang 0.5.10 116.79 NOTE
r-devel-linux-x86_64-fedora-gcc 0.5.10 115.32 NOTE
r-devel-windows-x86_64 0.5.10 25.00 113.00 138.00 OK
r-patched-linux-x86_64 0.5.10 11.72 91.42 103.14 OK
r-release-linux-x86_64 0.5.10 5.01 88.45 93.46 OK
r-release-macos-arm64 0.5.10 38.00 NOTE
r-release-macos-x86_64 0.5.10 69.00 NOTE
r-release-windows-x86_64 0.5.10 31.00 112.00 143.00 OK
r-oldrel-macos-arm64 0.5.10 61.00 NOTE
r-oldrel-macos-x86_64 0.5.10 44.00 NOTE
r-oldrel-windows-ix86+x86_64 0.5.10 16.00 104.00 120.00 OK

Check Details

Version: 0.5.10
Check: dependencies in R code
Result: NOTE
    Namespaces in Imports field not imported from:
     ‘sna’ ‘utils’
     All declared Imports should be used.
Flavors: r-devel-linux-x86_64-fedora-clang, r-devel-linux-x86_64-fedora-gcc, r-release-macos-arm64, r-release-macos-x86_64, r-oldrel-macos-arm64, r-oldrel-macos-x86_64