Last updated on 2023-03-30 21:49:53 CEST.
Flavor | Version | Tinstall | Tcheck | Ttotal | Status | Flags |
---|---|---|---|---|---|---|
r-devel-linux-x86_64-debian-clang | 0.1.1 | 2.46 | 21.85 | 24.31 | OK | |
r-devel-linux-x86_64-debian-gcc | 0.1.1 | 1.80 | 17.24 | 19.04 | OK | |
r-devel-linux-x86_64-fedora-clang | 0.1.1 | 30.70 | NOTE | |||
r-devel-linux-x86_64-fedora-gcc | 0.1.1 | 29.81 | OK | |||
r-devel-windows-x86_64 | 0.1.1 | 3.00 | 0.00 | 3.00 | OK | |
r-patched-linux-x86_64 | 0.1.1 | 2.27 | 21.23 | 23.50 | OK | |
r-release-linux-x86_64 | 0.1.1 | 1.67 | 23.11 | 24.78 | OK | |
r-release-macos-arm64 | 0.1.1 | 14.00 | OK | |||
r-release-macos-x86_64 | 0.1.1 | 19.00 | OK | |||
r-release-windows-x86_64 | 0.1.1 | 5.00 | 54.00 | 59.00 | OK | |
r-oldrel-macos-arm64 | 0.1.1 | 18.00 | OK | |||
r-oldrel-macos-x86_64 | 0.1.1 | 30.00 | OK | |||
r-oldrel-windows-ix86+x86_64 | 0.1.1 | 6.00 | 49.00 | 55.00 | OK |
Version: 0.1.1
Check: Rd cross-references
Result: NOTE
Undeclared package ‘dwlm’ in Rd xrefs
Flavor: r-devel-linux-x86_64-fedora-clang