Last updated on 2024-04-18 03:51:56 CEST.
Flavor | Version | Tinstall | Tcheck | Ttotal | Status | Flags |
---|---|---|---|---|---|---|
r-devel-linux-x86_64-debian-clang | 0.3.3 | 9.66 | 104.12 | 113.78 | NOTE | |
r-devel-linux-x86_64-debian-gcc | 0.3.3 | 6.75 | 77.49 | 84.24 | NOTE | |
r-devel-linux-x86_64-fedora-clang | 0.3.3 | 143.13 | NOTE | |||
r-devel-linux-x86_64-fedora-gcc | 0.3.3 | 146.88 | NOTE | |||
r-prerel-macos-arm64 | 0.3.3 | 48.00 | NOTE | |||
r-prerel-windows-x86_64 | 0.3.3 | 10.00 | 96.00 | 106.00 | NOTE | |
r-patched-linux-x86_64 | 0.3.3 | 7.55 | 99.04 | 106.59 | NOTE | |
r-release-linux-x86_64 | 0.3.3 | 7.99 | 97.85 | 105.84 | NOTE | |
r-release-macos-arm64 | 0.3.3 | 51.00 | NOTE | |||
r-release-macos-x86_64 | 0.3.3 | 79.00 | NOTE | |||
r-release-windows-x86_64 | 0.3.3 | 13.00 | 111.00 | 124.00 | NOTE | |
r-oldrel-macos-arm64 | 0.3.3 | 41.00 | NOTE | |||
r-oldrel-windows-x86_64 | 0.3.3 | 12.00 | 110.00 | 122.00 | OK |
Version: 0.3.3
Check: dependencies in R code
Result: NOTE
':::' call which should be '::': ‘scales:::censor’
See the note in ?`:::` about the use of this operator.
Unexported object imported by a ':::' call: ‘productplots:::bound’
See the note in ?`:::` about the use of this operator.
Flavors: r-devel-linux-x86_64-debian-clang, r-devel-linux-x86_64-debian-gcc, r-devel-linux-x86_64-fedora-clang, r-devel-linux-x86_64-fedora-gcc, r-prerel-macos-arm64, r-prerel-windows-x86_64, r-patched-linux-x86_64, r-release-linux-x86_64, r-release-macos-arm64, r-release-macos-x86_64, r-release-windows-x86_64
Version: 0.3.3
Check: dependencies in R code
Result: NOTE
Namespaces in Imports field not imported from:
‘productplots’ ‘scales’
All declared Imports should be used.
Flavor: r-oldrel-macos-arm64