Last updated on 2023-03-28 21:53:58 CEST.
Flavor | Version | Tinstall | Tcheck | Ttotal | Status | Flags |
---|---|---|---|---|---|---|
r-devel-linux-x86_64-debian-clang | 0.0.2 | 3.89 | 115.95 | 119.84 | OK | |
r-devel-linux-x86_64-debian-gcc | 0.0.2 | 3.79 | 87.93 | 91.72 | OK | |
r-devel-linux-x86_64-fedora-clang | 0.0.2 | 145.17 | OK | |||
r-devel-linux-x86_64-fedora-gcc | 0.0.2 | 161.85 | OK | |||
r-devel-windows-x86_64 | 0.0.2 | 24.00 | 22.00 | 46.00 | FAIL | |
r-patched-linux-x86_64 | 0.0.2 | 5.44 | 116.25 | 121.69 | OK | |
r-release-linux-x86_64 | 0.0.2 | 4.77 | 113.76 | 118.53 | OK | |
r-release-macos-arm64 | 0.0.2 | 44.00 | OK | |||
r-release-macos-x86_64 | 0.0.2 | 61.00 | OK | |||
r-release-windows-x86_64 | 0.0.2 | 17.00 | 172.00 | 189.00 | OK | |
r-oldrel-macos-arm64 | 0.0.2 | 61.00 | OK | |||
r-oldrel-macos-x86_64 | 0.0.2 | 74.00 | OK | |||
r-oldrel-windows-ix86+x86_64 | 0.0.2 | 9.00 | 154.00 | 163.00 | OK |
Version: 0.0.2
Check: R code for possible problems
Result: FAIL
Flavor: r-devel-windows-x86_64