Last updated on 2023-03-28 21:53:58 CEST.
Flavor | Version | Tinstall | Tcheck | Ttotal | Status | Flags |
---|---|---|---|---|---|---|
r-devel-linux-x86_64-debian-clang | 0.1.2 | 5.45 | 65.55 | 71.00 | OK | |
r-devel-linux-x86_64-debian-gcc | 0.1.2 | 4.48 | 49.04 | 53.52 | OK | |
r-devel-linux-x86_64-fedora-clang | 0.1.2 | 88.20 | OK | |||
r-devel-linux-x86_64-fedora-gcc | 0.1.2 | 98.73 | OK | |||
r-devel-windows-x86_64 | 0.1.2 | 130.00 | 29.00 | 159.00 | FAIL | |
r-patched-linux-x86_64 | 0.1.2 | 4.82 | 61.92 | 66.74 | OK | |
r-release-linux-x86_64 | 0.1.2 | 6.02 | 63.44 | 69.46 | OK | |
r-release-macos-arm64 | 0.1.2 | 33.00 | OK | |||
r-release-macos-x86_64 | 0.1.2 | 48.00 | OK | |||
r-release-windows-x86_64 | 0.1.2 | 101.00 | 101.00 | 202.00 | OK | |
r-oldrel-macos-arm64 | 0.1.2 | 35.00 | OK | |||
r-oldrel-macos-x86_64 | 0.1.2 | 45.00 | OK | |||
r-oldrel-windows-ix86+x86_64 | 0.1.2 | 14.00 | 103.00 | 117.00 | OK |
Version: 0.1.2
Check: R code for possible problems
Result: FAIL
Flavor: r-devel-windows-x86_64