CRAN Package Check Results for Package ggm

Last updated on 2022-05-27 21:51:23 CEST.

Flavor Version Tinstall Tcheck Ttotal Status Flags
r-devel-linux-x86_64-debian-clang 2.5 7.16 83.09 90.25 OK
r-devel-linux-x86_64-debian-gcc 2.5 7.41 64.02 71.43 OK
r-devel-linux-x86_64-fedora-clang 2.5 108.53 NOTE
r-devel-linux-x86_64-fedora-gcc 2.5 108.88 NOTE
r-devel-windows-x86_64 2.5 35.00 102.00 137.00 OK
r-patched-linux-x86_64 2.5 11.53 78.43 89.96 OK
r-release-linux-x86_64 2.5 10.73 79.18 89.91 OK
r-release-macos-arm64 2.5 43.00 NOTE
r-release-macos-x86_64 2.5 51.00 NOTE
r-release-windows-x86_64 2.5 32.00 102.00 134.00 OK
r-oldrel-macos-arm64 2.5 58.00 NOTE
r-oldrel-macos-x86_64 2.5 66.00 NOTE
r-oldrel-windows-ix86+x86_64 2.5 17.00 94.00 111.00 OK

Check Details

Version: 2.5
Check: dependencies in R code
Result: NOTE
    Namespace in Imports field not imported from: ‘graph’
     All declared Imports should be used.
Flavors: r-devel-linux-x86_64-fedora-clang, r-devel-linux-x86_64-fedora-gcc, r-release-macos-arm64, r-release-macos-x86_64, r-oldrel-macos-arm64, r-oldrel-macos-x86_64