CRAN Package Check Results for Package ggiraph

Last updated on 2022-09-26 06:51:12 CEST.

Flavor Version Tinstall Tcheck Ttotal Status Flags
r-devel-linux-x86_64-debian-clang 0.8.3 133.59 205.02 338.61 OK
r-devel-linux-x86_64-debian-gcc 0.8.3 99.41 151.45 250.86 OK
r-devel-linux-x86_64-fedora-clang 0.8.3 445.70 OK
r-devel-linux-x86_64-fedora-gcc 0.8.3 430.16 OK
r-devel-windows-x86_64 0.8.3 250.00 269.00 519.00 OK
r-patched-linux-x86_64 0.8.3 115.88 192.37 308.25 OK
r-release-linux-x86_64 0.8.3 114.45 189.06 303.51 OK
r-release-macos-arm64 0.8.3 106.00 NOTE
r-release-macos-x86_64 0.8.3 167.00 NOTE
r-release-windows-x86_64 0.8.3 247.00 256.00 503.00 OK
r-oldrel-macos-arm64 0.8.3 92.00 NOTE
r-oldrel-macos-x86_64 0.8.3 166.00 NOTE
r-oldrel-windows-ix86+x86_64 0.8.3 326.00 373.00 699.00 OK

Check Details

Version: 0.8.3
Check: installed package size
Result: NOTE
     installed size is 6.8Mb
     sub-directories of 1Mb or more:
     libs 5.0Mb
Flavors: r-release-macos-arm64, r-release-macos-x86_64, r-oldrel-macos-arm64, r-oldrel-macos-x86_64