Last updated on 2024-04-19 11:56:47 CEST.
Flavor | Version | Tinstall | Tcheck | Ttotal | Status | Flags |
---|---|---|---|---|---|---|
r-devel-linux-x86_64-debian-clang | 0.1.3 | 5.32 | 53.85 | 59.17 | OK | |
r-devel-linux-x86_64-debian-gcc | 0.1.3 | OK | ||||
r-devel-linux-x86_64-fedora-clang | 0.1.3 | 76.99 | NOTE | |||
r-devel-linux-x86_64-fedora-gcc | 0.1.3 | 71.63 | NOTE | |||
r-prerel-macos-arm64 | 0.1.3 | 26.00 | OK | |||
r-prerel-windows-x86_64 | 0.1.3 | 8.00 | 62.00 | 70.00 | OK | |
r-patched-linux-x86_64 | 0.1.3 | 4.80 | 52.29 | 57.09 | OK | |
r-release-linux-x86_64 | 0.1.3 | 5.15 | 51.01 | 56.16 | OK | |
r-release-macos-arm64 | 0.1.3 | 26.00 | OK | |||
r-release-macos-x86_64 | 0.1.3 | 40.00 | OK | |||
r-release-windows-x86_64 | 0.1.3 | 8.00 | 67.00 | 75.00 | OK | |
r-oldrel-macos-arm64 | 0.1.3 | 25.00 | NOTE | |||
r-oldrel-windows-x86_64 | 0.1.3 | 8.00 | 72.00 | 80.00 | OK |
Version: 0.1.3
Check: dependencies in R code
Result: NOTE
Namespace in Imports field not imported from: ‘utils’
All declared Imports should be used.
Flavors: r-devel-linux-x86_64-fedora-clang, r-devel-linux-x86_64-fedora-gcc, r-oldrel-macos-arm64