Last updated on 2024-04-19 11:56:47 CEST.
Flavor | Version | Tinstall | Tcheck | Ttotal | Status | Flags |
---|---|---|---|---|---|---|
r-devel-linux-x86_64-debian-clang | 0.3.3 | 18.77 | 125.86 | 144.63 | NOTE | |
r-devel-linux-x86_64-debian-gcc | 0.3.3 | NOTE | ||||
r-devel-linux-x86_64-fedora-clang | 0.3.3 | 181.93 | NOTE | |||
r-devel-linux-x86_64-fedora-gcc | 0.3.3 | 166.13 | NOTE | |||
r-prerel-macos-arm64 | 0.3.3 | 44.00 | NOTE | |||
r-prerel-windows-x86_64 | 0.3.3 | 21.00 | 109.00 | 130.00 | NOTE | |
r-patched-linux-x86_64 | 0.3.3 | 17.97 | 117.64 | 135.61 | NOTE | |
r-release-linux-x86_64 | 0.3.3 | 19.69 | 121.14 | 140.83 | NOTE | |
r-release-macos-arm64 | 0.3.3 | 39.00 | NOTE | |||
r-release-macos-x86_64 | 0.3.3 | 79.00 | NOTE | |||
r-release-windows-x86_64 | 0.3.3 | 21.00 | 147.00 | 168.00 | NOTE | |
r-oldrel-macos-arm64 | 0.3.3 | 36.00 | OK | |||
r-oldrel-windows-x86_64 | 0.3.3 | 23.00 | 141.00 | 164.00 | OK |
Version: 0.3.3
Check: C++ specification
Result: NOTE
Specified C++11: please drop specification unless essential
Flavors: r-devel-linux-x86_64-debian-clang, r-devel-linux-x86_64-debian-gcc, r-devel-linux-x86_64-fedora-clang, r-devel-linux-x86_64-fedora-gcc, r-prerel-macos-arm64, r-prerel-windows-x86_64, r-patched-linux-x86_64, r-release-linux-x86_64, r-release-macos-arm64, r-release-macos-x86_64, r-release-windows-x86_64