Last updated on 2023-03-28 21:53:58 CEST.
Flavor | Version | Tinstall | Tcheck | Ttotal | Status | Flags |
---|---|---|---|---|---|---|
r-devel-linux-x86_64-debian-clang | 0.2.0 | 5.79 | 80.00 | 85.79 | OK | |
r-devel-linux-x86_64-debian-gcc | 0.2.0 | 5.41 | 61.20 | 66.61 | OK | |
r-devel-linux-x86_64-fedora-clang | 0.2.0 | 106.14 | NOTE | |||
r-devel-linux-x86_64-fedora-gcc | 0.2.0 | 120.05 | OK | |||
r-devel-windows-x86_64 | 0.2.0 | 34.00 | 71.00 | 105.00 | ERROR | |
r-patched-linux-x86_64 | 0.2.0 | 6.74 | 79.73 | 86.47 | OK | |
r-release-linux-x86_64 | 0.2.0 | 5.87 | 79.23 | 85.10 | OK | |
r-release-macos-arm64 | 0.2.0 | 44.00 | OK | |||
r-release-macos-x86_64 | 0.2.0 | 53.00 | OK | |||
r-release-windows-x86_64 | 0.2.0 | 24.00 | 123.00 | 147.00 | OK | |
r-oldrel-macos-arm64 | 0.2.0 | 43.00 | OK | |||
r-oldrel-macos-x86_64 | 0.2.0 | 60.00 | OK | |||
r-oldrel-windows-ix86+x86_64 | 0.2.0 | 15.00 | 114.00 | 129.00 | OK |
Version: 0.2.0
Check: Rd cross-references
Result: NOTE
Undeclared package ‘rlang’ in Rd xrefs
Flavor: r-devel-linux-x86_64-fedora-clang
Version: 0.2.0
Check: re-building of vignette outputs
Result: ERROR
Error(s) in re-building vignettes:
--- re-building 'gghdr.Rmd' using rmarkdown
Quitting from lines 34-38 (gghdr.Rmd)
Error: processing vignette 'gghdr.Rmd' failed with diagnostics:
lazy-load database 'D:/RCompile/recent/R/library/datasets/data/Rdata.rdb' is corrupt
--- failed re-building 'gghdr.Rmd'
SUMMARY: processing the following file failed:
'gghdr.Rmd'
Error: Vignette re-building failed.
Execution halted
Flavor: r-devel-windows-x86_64
Version: 0.2.0
Check: PDF version of manual
Result: WARN
LaTeX errors when creating PDF version.
This typically indicates Rd problems.
Flavor: r-devel-windows-x86_64
Version: 0.2.0
Check: PDF version of manual without index
Result: ERROR
Re-running with no redirection of stdout/stderr.
Flavor: r-devel-windows-x86_64
Version: 0.2.0
Check: HTML version of manual
Result: NOTE
Encountered the following conversion/validation errors:
'CreateProcess' failed to run 'd:\rtools43\x86_64-w64-mingw32.static.posix\bin\tidy.exe -language en -qe --drop-empty-elements no D:\temp\Rtmpu8eWzW\filefabc2d3e73c4'
Flavor: r-devel-windows-x86_64