Last updated on 2025-02-22 12:50:32 CET.
Flavor | Version | Tinstall | Tcheck | Ttotal | Status | Flags |
---|---|---|---|---|---|---|
r-devel-linux-x86_64-debian-clang | 1.0.1 | 12.35 | 243.45 | 255.80 | NOTE | |
r-devel-linux-x86_64-debian-gcc | 1.0.1 | 7.68 | 158.91 | 166.59 | NOTE | |
r-devel-linux-x86_64-fedora-clang | 1.0.1 | 408.44 | NOTE | |||
r-devel-linux-x86_64-fedora-gcc | 1.0.1 | 399.21 | NOTE | |||
r-devel-macos-arm64 | 1.0.1 | 127.00 | OK | |||
r-devel-macos-x86_64 | 1.0.1 | 232.00 | NOTE | |||
r-devel-windows-x86_64 | 1.0.1 | 15.00 | 277.00 | 292.00 | NOTE | |
r-patched-linux-x86_64 | 1.0.1 | 12.86 | 224.52 | 237.38 | OK | |
r-release-linux-x86_64 | 1.0.1 | 10.25 | 223.07 | 233.32 | OK | |
r-release-macos-arm64 | 1.0.1 | 115.00 | OK | |||
r-release-macos-x86_64 | 1.0.1 | 306.00 | OK | |||
r-release-windows-x86_64 | 1.0.1 | 16.00 | 280.00 | 296.00 | OK | |
r-oldrel-macos-arm64 | 1.0.1 | 138.00 | OK | |||
r-oldrel-macos-x86_64 | 1.0.1 | 308.00 | OK | |||
r-oldrel-windows-x86_64 | 1.0.1 | 21.00 | 319.00 | 340.00 | OK |
Version: 1.0.1
Check: DESCRIPTION meta-information
Result: NOTE
Missing dependency on R >= 4.1.0 because package code uses the pipe
|> or function shorthand \(...) syntax added in R 4.1.0.
File(s) using such syntax:
‘aaa.R’ ‘flip.R’
Flavors: r-devel-linux-x86_64-debian-clang, r-devel-linux-x86_64-debian-gcc, r-devel-linux-x86_64-fedora-clang, r-devel-linux-x86_64-fedora-gcc, r-devel-macos-x86_64, r-devel-windows-x86_64