Last updated on 2024-03-28 12:50:34 CET.
Flavor | Version | Tinstall | Tcheck | Ttotal | Status | Flags |
---|---|---|---|---|---|---|
r-devel-linux-x86_64-debian-clang | 0.4.2 | 120.46 | 168.44 | 288.90 | OK | |
r-devel-linux-x86_64-debian-gcc | 0.4.2 | 94.78 | 127.11 | 221.89 | OK | |
r-devel-linux-x86_64-fedora-clang | 0.4.2 | 355.20 | OK | |||
r-devel-linux-x86_64-fedora-gcc | 0.4.2 | 376.06 | OK | |||
r-devel-windows-x86_64 | 0.4.2 | 88.00 | 168.00 | 256.00 | OK | |
r-patched-linux-x86_64 | 0.4.2 | 118.89 | 165.17 | 284.06 | OK | |
r-release-linux-x86_64 | 0.4.2 | 117.81 | 164.16 | 281.97 | OK | |
r-release-macos-arm64 | 0.4.2 | 90.00 | NOTE | |||
r-release-macos-x86_64 | 0.4.2 | 193.00 | NOTE | |||
r-release-windows-x86_64 | 0.4.2 | 113.00 | 206.00 | 319.00 | OK | |
r-oldrel-macos-arm64 | 0.4.2 | 93.00 | NOTE | |||
r-oldrel-windows-x86_64 | 0.4.2 | 106.00 | 184.00 | 290.00 | OK |
Version: 0.4.2
Check: installed package size
Result: NOTE
installed size is 19.2Mb
sub-directories of 1Mb or more:
help 1.2Mb
libs 17.3Mb
Flavors: r-release-macos-arm64, r-release-macos-x86_64, r-oldrel-macos-arm64