Last updated on 2024-04-19 21:56:29 CEST.
Flavor | Version | Tinstall | Tcheck | Ttotal | Status | Flags |
---|---|---|---|---|---|---|
r-devel-linux-x86_64-debian-clang | 1.0.0 | 5.12 | 72.37 | 77.49 | NOTE | |
r-devel-linux-x86_64-debian-gcc | 1.0.0 | NOTE | ||||
r-devel-linux-x86_64-fedora-clang | 1.0.0 | 99.76 | NOTE | |||
r-devel-linux-x86_64-fedora-gcc | 1.0.0 | 103.48 | NOTE | |||
r-prerel-macos-arm64 | 1.0.0 | 36.00 | NOTE | |||
r-prerel-windows-x86_64 | 1.0.0 | 8.00 | 70.00 | 78.00 | NOTE | |
r-patched-linux-x86_64 | 1.0.0 | 5.12 | 69.35 | 74.47 | NOTE | |
r-release-linux-x86_64 | 1.0.0 | 5.80 | 65.57 | 71.37 | NOTE | |
r-release-macos-arm64 | 1.0.0 | 37.00 | NOTE | |||
r-release-macos-x86_64 | 1.0.0 | 58.00 | NOTE | |||
r-release-windows-x86_64 | 1.0.0 | 8.00 | 76.00 | 84.00 | NOTE | |
r-oldrel-macos-arm64 | 1.0.0 | 35.00 | NOTE | |||
r-oldrel-windows-x86_64 | 1.0.0 | 8.00 | 87.00 | 95.00 | NOTE |
Version: 1.0.0
Check: LazyData
Result: NOTE
'LazyData' is specified without a 'data' directory
Flavors: r-devel-linux-x86_64-debian-clang, r-devel-linux-x86_64-debian-gcc, r-devel-linux-x86_64-fedora-clang, r-devel-linux-x86_64-fedora-gcc, r-prerel-macos-arm64, r-prerel-windows-x86_64, r-patched-linux-x86_64, r-release-linux-x86_64, r-release-macos-arm64, r-release-macos-x86_64, r-release-windows-x86_64, r-oldrel-macos-arm64, r-oldrel-windows-x86_64