CRAN Package Check Results for Package ggfacto

Last updated on 2022-01-25 11:51:10 CET.

Flavor Version Tinstall Tcheck Ttotal Status Flags
r-devel-linux-x86_64-debian-clang 0.2.2 5.07 43.83 48.90 OK
r-devel-linux-x86_64-debian-gcc 0.2.2 4.85 34.29 39.14 OK
r-devel-linux-x86_64-fedora-clang 0.2.2 61.00 OK
r-devel-linux-x86_64-fedora-gcc 0.2.2 49.50 OK
r-devel-windows-x86_64-new-UL 0.2.2 37.00 64.00 101.00 OK
r-devel-windows-x86_64-new-TK 0.2.2 ERROR
r-patched-linux-x86_64 0.2.2 10.44 42.93 53.37 OK
r-release-linux-x86_64 0.2.2 4.71 42.15 46.86 OK
r-release-macos-arm64 0.2.2 OK
r-release-macos-x86_64 0.2.2 OK
r-release-windows-ix86+x86_64 0.2.2 11.00 54.00 65.00 OK
r-oldrel-macos-x86_64 0.2.2 OK
r-oldrel-windows-ix86+x86_64 0.2.2 13.00 54.00 67.00 OK

Check Details

Version: 0.2.2
Check: package dependencies
Result: ERROR
    Package required but not available: 'FactoMineR'
    
    Package suggested but not available for checking: 'finalfit'
    
    See section 'The DESCRIPTION file' in the 'Writing R Extensions'
    manual.
Flavor: r-devel-windows-x86_64-new-TK